{"id":28499,"date":"2024-10-22T20:24:22","date_gmt":"2024-10-22T18:24:22","guid":{"rendered":"https:\/\/www.kuebler-hallenheizungen.de\/?post_type=awards&#038;p=28499"},"modified":"2024-12-02T10:17:03","modified_gmt":"2024-12-02T09:17:03","slug":"2024_medium-business-award","status":"publish","type":"awards","link":"https:\/\/www.kuebler-hallenheizungen.de\/da\/auszeichnungen\/2024_mittelstandspreis\/","title":{"rendered":"Premier Finalist | Grand Prix for sm\u00e5 og mellemstore virksomheder"},"content":{"rendered":"<p>K\u00dcBLER er en af de f\u00f8rste finalister i \"Gro\u00dfer Preis des Mittelstandes\"! Ved den 100. galla og konkurrencens 30-\u00e5rs jubil\u00e6um blev vi h\u00e6dret for vores innovation, b\u00e6redygtighed og ansvarlighed. Ud af 4.600 nominerede virksomheder p\u00e5 landsplan er vi en af de fem prisvindere. Den festlige galla i D\u00fcsseldorf med n\u00e6sten 400 g\u00e6ster var en hyldest til vores engagement. Mange tak til Oskar Patzelt Foundation og alle de jurymedlemmer, der st\u00f8tter konkurrencen. Vi er stolte af at v\u00e6re en del af dette f\u00e6llesskab af mellemstore virksomheder, som hver dag skaber arbejdspladser og former fremtiden.<\/p>","protected":false},"featured_media":28503,"template":"","awards-year":[366],"class_list":["post-28499","awards","type-awards","status-publish","has-post-thumbnail","hentry","awards-year-366"],"acf":[],"_links":{"self":[{"href":"https:\/\/www.kuebler-hallenheizungen.de\/da\/wp-json\/wp\/v2\/awards\/28499","targetHints":{"allow":["GET"]}}],"collection":[{"href":"https:\/\/www.kuebler-hallenheizungen.de\/da\/wp-json\/wp\/v2\/awards"}],"about":[{"href":"https:\/\/www.kuebler-hallenheizungen.de\/da\/wp-json\/wp\/v2\/types\/awards"}],"wp:featuredmedia":[{"embeddable":true,"href":"https:\/\/www.kuebler-hallenheizungen.de\/da\/wp-json\/wp\/v2\/media\/28503"}],"wp:attachment":[{"href":"https:\/\/www.kuebler-hallenheizungen.de\/da\/wp-json\/wp\/v2\/media?parent=28499"}],"wp:term":[{"taxonomy":"awards-year","embeddable":true,"href":"https:\/\/www.kuebler-hallenheizungen.de\/da\/wp-json\/wp\/v2\/awards-year?post=28499"}],"curies":[{"name":"wp","href":"https:\/\/api.w.org\/{rel}","templated":true}]}}

Premier Finalist | Grand Prix for små og mellemstore virksomheder

<p>KÜBLER er en af de første finalister i "Großer Preis des Mittelstandes"! Ved den 100. galla og konkurrencens 30-års jubilæum blev vi hædret for vores innovation, bæredygtighed og ansvarlighed. Ud af 4.600 nominerede virksomheder på landsplan er vi en af de fem prisvindere. Den festlige galla i Düsseldorf med næsten 400 gæster var en hyldest til vores engagement. Mange tak til Oskar Patzelt Foundation og alle de jurymedlemmer, der støtter konkurrencen. Vi er stolte af at være en del af dette fællesskab af mellemstore virksomheder, som hver dag skaber arbejdspladser og former fremtiden.</p>
