{"id":28254,"date":"2024-09-11T13:01:02","date_gmt":"2024-09-11T11:01:02","guid":{"rendered":"https:\/\/www.kuebler-hallenheizungen.de\/?post_type=event&#038;p=28254"},"modified":"2024-09-18T12:40:12","modified_gmt":"2024-09-18T10:40:12","slug":"byggeri-muenchen-13-17-01-2025","status":"publish","type":"event","link":"https:\/\/www.kuebler-hallenheizungen.de\/da\/event\/bau-muenchen-13-17-01-2025\/","title":{"rendered":"BAU M\u00fcnchen 13.-17. januar 2025"},"content":{"rendered":"<p>Bliv energiforbruger sammen med os p\u00e5 BAU i M\u00fcnchen. Verdens f\u00f8rende messe for arkitektur, materialer og systemer<br \/>\n<H\u2082>Bes\u00f8g os i\u00a0<strong>Hal B2 | Stand 537<\/strong><\/H\u2082><br \/>\n&nbsp;<\/p>\n<p>Vi ser frem til dit bes\u00f8g!<\/p>","protected":false},"excerpt":{"rendered":"<p>Bes\u00f8g K\u00dcBLER p\u00e5 BAU i M\u00fcnchen, og oplev vores banebrydende halopvarmningssystemer! <\/p>","protected":false},"featured_media":28258,"template":"","event-type":[460],"class_list":["post-28254","event","type-event","status-publish","has-post-thumbnail","hentry","event-type-messe"],"acf":[],"_links":{"self":[{"href":"https:\/\/www.kuebler-hallenheizungen.de\/da\/wp-json\/wp\/v2\/event\/28254","targetHints":{"allow":["GET"]}}],"collection":[{"href":"https:\/\/www.kuebler-hallenheizungen.de\/da\/wp-json\/wp\/v2\/event"}],"about":[{"href":"https:\/\/www.kuebler-hallenheizungen.de\/da\/wp-json\/wp\/v2\/types\/event"}],"wp:featuredmedia":[{"embeddable":true,"href":"https:\/\/www.kuebler-hallenheizungen.de\/da\/wp-json\/wp\/v2\/media\/28258"}],"wp:attachment":[{"href":"https:\/\/www.kuebler-hallenheizungen.de\/da\/wp-json\/wp\/v2\/media?parent=28254"}],"wp:term":[{"taxonomy":"event-type","embeddable":true,"href":"https:\/\/www.kuebler-hallenheizungen.de\/da\/wp-json\/wp\/v2\/event-type?post=28254"}],"curies":[{"name":"wp","href":"https:\/\/api.w.org\/{rel}","templated":true}]}}

BAU München 13.-17. januar 2025

<p>Bliv energiforbruger sammen med os på BAU i München. Verdens førende messe for arkitektur, materialer og systemer<br />
<H₂>Besøg os i <strong>Hal B2 | Stand 537</strong></H₂><br />
&nbsp;</p>
<p>Vi ser frem til dit besøg!</p>

<p>Besøg KÜBLER på BAU i München, og oplev vores banebrydende halopvarmningssystemer! </p>
