{"id":29488,"date":"2025-02-27T13:51:51","date_gmt":"2025-02-27T12:51:51","guid":{"rendered":"https:\/\/www.kuebler-hallenheizungen.de\/?post_type=event&#038;p=29488"},"modified":"2025-02-27T13:51:51","modified_gmt":"2025-02-27T12:51:51","slug":"hungarotherm-09-13-04-2025","status":"publish","type":"event","link":"https:\/\/www.kuebler-hallenheizungen.de\/da\/event\/hungarotherm-09-13-04-2025\/","title":{"rendered":"HUNGAROTHERM 09 - 13.04.2025"},"content":{"rendered":"<p>I Budapest er <strong data-start=\"94\" data-end=\"110\">HUNGAROTHERM<\/strong> den f\u00f8rende internationale messe for varme-, ventilations-, klima- og sanitetsteknologi. Som specialist i energieffektive l\u00f8sninger til opvarmning af haller vil K\u00dcBLER v\u00e6re til stede for at pr\u00e6sentere banebrydende teknologier til b\u00e6redygtig opvarmning i industri- og erhvervshaller. Bes\u00f8g vores stand og find ud af, hvordan vores innovative systemer giver maksimal effektivitet, fleksibilitet og fremtidssikring. Lad vores eksperter r\u00e5dgive dig, og oplev live, hvordan moderne halopvarmning fungerer!<\/p>\n<p><strong data-start=\"643\" data-end=\"668\">Stand: A Pavilon 101H<\/strong><\/p>","protected":false},"excerpt":{"rendered":"<p>HUNGAROTHERM finder sted i Budapest - den f\u00f8rende internationale messe for varme, ventilation, aircondition og sanitetsteknologi. Bes\u00f8g K\u00dcBLER, og m\u00f8d eksperterne i moderne indend\u00f8rs varmesystemer!<\/p>","protected":false},"featured_media":28258,"template":"","event-type":[460],"class_list":["post-29488","event","type-event","status-publish","has-post-thumbnail","hentry","event-type-messe"],"acf":[],"_links":{"self":[{"href":"https:\/\/www.kuebler-hallenheizungen.de\/da\/wp-json\/wp\/v2\/event\/29488","targetHints":{"allow":["GET"]}}],"collection":[{"href":"https:\/\/www.kuebler-hallenheizungen.de\/da\/wp-json\/wp\/v2\/event"}],"about":[{"href":"https:\/\/www.kuebler-hallenheizungen.de\/da\/wp-json\/wp\/v2\/types\/event"}],"wp:featuredmedia":[{"embeddable":true,"href":"https:\/\/www.kuebler-hallenheizungen.de\/da\/wp-json\/wp\/v2\/media\/28258"}],"wp:attachment":[{"href":"https:\/\/www.kuebler-hallenheizungen.de\/da\/wp-json\/wp\/v2\/media?parent=29488"}],"wp:term":[{"taxonomy":"event-type","embeddable":true,"href":"https:\/\/www.kuebler-hallenheizungen.de\/da\/wp-json\/wp\/v2\/event-type?post=29488"}],"curies":[{"name":"wp","href":"https:\/\/api.w.org\/{rel}","templated":true}]}}

<p>I Budapest er <strong data-start="94" data-end="110">HUNGAROTHERM</strong> den førende internationale messe for varme-, ventilations-, klima- og sanitetsteknologi. Som specialist i energieffektive løsninger til opvarmning af haller vil KÜBLER være til stede for at præsentere banebrydende teknologier til bæredygtig opvarmning i industri- og erhvervshaller. Besøg vores stand og find ud af, hvordan vores innovative systemer giver maksimal effektivitet, fleksibilitet og fremtidssikring. Lad vores eksperter rådgive dig, og oplev live, hvordan moderne halopvarmning fungerer!</p>
<p><strong data-start="643" data-end="668">Stand: A Pavilon 101H</strong></p>

<p>HUNGAROTHERM finder sted i Budapest - den førende internationale messe for varme, ventilation, aircondition og sanitetsteknologi. Besøg KÜBLER, og mød eksperterne i moderne indendørs varmesystemer!</p>
