{"id":45311,"date":"2025-11-26T10:17:22","date_gmt":"2025-11-26T09:17:22","guid":{"rendered":"https:\/\/www.kuebler-hallenheizungen.de\/?post_type=event&#038;p=45311"},"modified":"2026-01-23T07:57:47","modified_gmt":"2026-01-23T06:57:47","slug":"g-seminar-23-01-2026","status":"publish","type":"event","link":"https:\/\/www.kuebler-hallenheizungen.de\/da\/event\/geg-seminar-23-01-2026\/","title":{"rendered":"GEG \u2013 \u201eV\u00e6r ikke bange for lovgivningen om opvarmning! Opvarm haller \u00f8konomisk og i overensstemmelse med GEG\u201c 23.01.2026"},"content":{"rendered":"<p><strong>SEMINAR AUSGEBUCHT! Leider sind keine Anmeldungen mehr m\u00f6glich!<\/strong><\/p>\n<p>&nbsp;<\/p>\n<p>Beslutningen til fordel for varmeloven (bygningsenergiloven - GEG) blev truffet for nogen tid siden, men sp\u00f8rgsm\u00e5lene og usikkerhederne er der stadig. Men der er ingen grund til bekymring:<\/p>\n<p>I vores gennempr\u00f8vede onlineseminar belyser vores eksperter i halopvarmning, Kai-Uwe Gr\u00fctter og Dr. Jens Findeisen, hvad du skal vide om opvarmning af kommercielle og industrielle haller.<\/p>\n<p>P\u00e5 grund af det store antal deltagere p\u00e5 det sidste seminar har vi besluttet at arrangere en ny dato. Tilmeld dig hurtigt, da antallet af deltagere er begr\u00e6nset.<\/p>\n<p>&nbsp;<\/p>\n<p>23.01.2026 | 11-12 Uhr | Microsoft Teams<\/p>\n<p><strong>\"V\u00e6r ikke bange for varmeloven! Opvarmning af industrihaller i overensstemmelse med GEG\"<\/strong><\/p>\n<p>&nbsp;<\/p>\n<h4>\"Et virkelig godt \u00e5r<span class=\"ac-designer-copy\">event! Varieret og underholdende takket v\u00e6re 2-mandspr\u00e6sentationen, flotte slides, kompetent pr\u00e6sentation og kompetent moderation.\"<\/span><\/h4>\n<h4>\"Et vellykket arrangement p\u00e5 alle m\u00e5der, forts\u00e6t det gode arbejde!\"<\/h4>\n<h4>\"Meget vellykket arrangement. Mange tak for det!\"<\/h4>\n<h4>\"Det var fremragende forberedt, og de to herrers m\u00e5de at formidle materialet p\u00e5 var meget underholdende. Tak for det.\"<\/h4>","protected":false},"excerpt":{"rendered":"<p>Beslutningen til fordel for varmeloven (bygningsenergiloven - GEG) blev truffet for nogen tid siden, men sp\u00f8rgsm\u00e5lene og usikkerhederne er der stadig. Men der er ingen grund til bekymring:<\/p>\n<p>I vores gennempr\u00f8vede onlineseminar belyser vores eksperter i halopvarmning, Kai-Uwe Gr\u00fctter og Dr. Jens Findeisen, hvad du skal vide om opvarmning af kommercielle og industrielle haller.<\/p>","protected":false},"featured_media":16937,"template":"","event-type":[459],"class_list":["post-45311","event","type-event","status-publish","has-post-thumbnail","hentry","event-type-seminar"],"acf":[],"_links":{"self":[{"href":"https:\/\/www.kuebler-hallenheizungen.de\/da\/wp-json\/wp\/v2\/event\/45311","targetHints":{"allow":["GET"]}}],"collection":[{"href":"https:\/\/www.kuebler-hallenheizungen.de\/da\/wp-json\/wp\/v2\/event"}],"about":[{"href":"https:\/\/www.kuebler-hallenheizungen.de\/da\/wp-json\/wp\/v2\/types\/event"}],"wp:featuredmedia":[{"embeddable":true,"href":"https:\/\/www.kuebler-hallenheizungen.de\/da\/wp-json\/wp\/v2\/media\/16937"}],"wp:attachment":[{"href":"https:\/\/www.kuebler-hallenheizungen.de\/da\/wp-json\/wp\/v2\/media?parent=45311"}],"wp:term":[{"taxonomy":"event-type","embeddable":true,"href":"https:\/\/www.kuebler-hallenheizungen.de\/da\/wp-json\/wp\/v2\/event-type?post=45311"}],"curies":[{"name":"wp","href":"https:\/\/api.w.org\/{rel}","templated":true}]}}

GEG – „Vær ikke bange for lovgivningen om opvarmning! Opvarm haller økonomisk og i overensstemmelse med GEG“ 23.01.2026

<p><strong>SEMINAR AUSGEBUCHT! Leider sind keine Anmeldungen mehr möglich!</strong></p>
<p>&nbsp;</p>
<p>Beslutningen til fordel for varmeloven (bygningsenergiloven - GEG) blev truffet for nogen tid siden, men spørgsmålene og usikkerhederne er der stadig. Men der er ingen grund til bekymring:</p>
<p>I vores gennemprøvede onlineseminar belyser vores eksperter i halopvarmning, Kai-Uwe Grütter og Dr. Jens Findeisen, hvad du skal vide om opvarmning af kommercielle og industrielle haller.</p>
<p>På grund af det store antal deltagere på det sidste seminar har vi besluttet at arrangere en ny dato. Tilmeld dig hurtigt, da antallet af deltagere er begrænset.</p>
<p>&nbsp;</p>
<p>23.01.2026 | 11-12 Uhr | Microsoft Teams</p>
<p><strong>"Vær ikke bange for varmeloven! Opvarmning af industrihaller i overensstemmelse med GEG"</strong></p>
<p>&nbsp;</p>
<h4>"Et virkelig godt år<span class="ac-designer-copy">event! Varieret og underholdende takket være 2-mandspræsentationen, flotte slides, kompetent præsentation og kompetent moderation."</span></h4>
<h4>"Et vellykket arrangement på alle måder, fortsæt det gode arbejde!"</h4>
<h4>"Meget vellykket arrangement. Mange tak for det!"</h4>
<h4>"Det var fremragende forberedt, og de to herrers måde at formidle materialet på var meget underholdende. Tak for det."</h4>

<p>Beslutningen til fordel for varmeloven (bygningsenergiloven - GEG) blev truffet for nogen tid siden, men spørgsmålene og usikkerhederne er der stadig. Men der er ingen grund til bekymring:</p>
<p>I vores gennemprøvede onlineseminar belyser vores eksperter i halopvarmning, Kai-Uwe Grütter og Dr. Jens Findeisen, hvad du skal vide om opvarmning af kommercielle og industrielle haller.</p>
