{"id":47292,"date":"2025-12-02T15:49:10","date_gmt":"2025-12-02T14:49:10","guid":{"rendered":"https:\/\/www.kuebler-hallenheizungen.de\/?post_type=event&#038;p=47292"},"modified":"2026-03-17T12:17:11","modified_gmt":"2026-03-17T11:17:11","slug":"eu-ets-og-co2-19-03-26","status":"publish","type":"event","link":"https:\/\/www.kuebler-hallenheizungen.de\/da\/event\/eu-ets-und-co2-19-03-26\/","title":{"rendered":"EU-ETS &amp; CO\u2082-PRISFASTSTILLELSE \u2013 Hvordan man kan afb\u00f8de omkostningsbomben 19.03.2026"},"content":{"rendered":"<p>P\u00e5 dette webseminar f\u00e5r du et indblik i de nye udfordringer, der vil p\u00e5virke den private sektor og i endnu h\u00f8jere grad n\u00e6sten alle virksomheder i EU. Find ud af, hvilke smarte energi- og varmestrategier du kan bruge til at mestre udfordringerne og forvandle dem til overskud for din virksomhed. Med<\/p>\n<ul>\n<li>Kai-Uwe Gr\u00fctter, tegningsberettiget hos K\u00dcBLER<\/li>\n<\/ul>\n<p>Vores ekspert vil guide dig gennem dette webseminar. Stil dine sp\u00f8rgsm\u00e5l, deltag i diskussionen og f\u00e5 v\u00e6rdifulde tips og r\u00e5d om, hvordan du p\u00e5 en pragmatisk og \u00f8konomisk m\u00e5de kan desarmere omkostningsbomben for din virksomhed.<\/p>\n<p>&nbsp;<\/p>\n<p><strong>Webseminaret finder sted online via Microsoft Teams. Vi ser frem til din deltagelse!<\/strong><\/p>\n<p><strong>EU ETS &amp; CO\u2082-PRISER - S\u00e5dan desarmerer du omkostningsbomben <\/strong><\/p>\n<p>Torsdag den 19.03.2026 | 11:00 - 12:00.<\/p>\n<p>&nbsp;<\/p>\n<p>Bem\u00e6rk venligst, at tilmeldinger kun kan behandles indtil 2 timer f\u00f8r arrangementet.<\/p>","protected":false},"excerpt":{"rendered":"<p>Dette seminar giver dig et indblik i, hvilke kriterier der kan implementeres hurtigt, nemt og omkostningseffektivt, og fremh\u00e6ver specifikt det store potentiale, som halvarmesystemer kan have for en b\u00e6redygtig virksomhedsudvikling og en positiv rating.<\/p>","protected":false},"featured_media":30446,"template":"","event-type":[459],"class_list":["post-47292","event","type-event","status-publish","has-post-thumbnail","hentry","event-type-seminar"],"acf":[],"_links":{"self":[{"href":"https:\/\/www.kuebler-hallenheizungen.de\/da\/wp-json\/wp\/v2\/event\/47292","targetHints":{"allow":["GET"]}}],"collection":[{"href":"https:\/\/www.kuebler-hallenheizungen.de\/da\/wp-json\/wp\/v2\/event"}],"about":[{"href":"https:\/\/www.kuebler-hallenheizungen.de\/da\/wp-json\/wp\/v2\/types\/event"}],"wp:featuredmedia":[{"embeddable":true,"href":"https:\/\/www.kuebler-hallenheizungen.de\/da\/wp-json\/wp\/v2\/media\/30446"}],"wp:attachment":[{"href":"https:\/\/www.kuebler-hallenheizungen.de\/da\/wp-json\/wp\/v2\/media?parent=47292"}],"wp:term":[{"taxonomy":"event-type","embeddable":true,"href":"https:\/\/www.kuebler-hallenheizungen.de\/da\/wp-json\/wp\/v2\/event-type?post=47292"}],"curies":[{"name":"wp","href":"https:\/\/api.w.org\/{rel}","templated":true}]}}

EU-ETS &amp; CO₂-PRISFASTSTILLELSE – Hvordan man kan afbøde omkostningsbomben 19.03.2026

<p>På dette webseminar får du et indblik i de nye udfordringer, der vil påvirke den private sektor og i endnu højere grad næsten alle virksomheder i EU. Find ud af, hvilke smarte energi- og varmestrategier du kan bruge til at mestre udfordringerne og forvandle dem til overskud for din virksomhed. Med</p>
<ul>
<li>Kai-Uwe Grütter, tegningsberettiget hos KÜBLER</li>
</ul>
<p>Vores ekspert vil guide dig gennem dette webseminar. Stil dine spørgsmål, deltag i diskussionen og få værdifulde tips og råd om, hvordan du på en pragmatisk og økonomisk måde kan desarmere omkostningsbomben for din virksomhed.</p>
<p>&nbsp;</p>
<p><strong>Webseminaret finder sted online via Microsoft Teams. Vi ser frem til din deltagelse!</strong></p>
<p><strong>EU ETS &amp; CO₂-PRISER - Sådan desarmerer du omkostningsbomben </strong></p>
<p>Torsdag den 19.03.2026 | 11:00 - 12:00.</p>
<p>&nbsp;</p>
<p>Bemærk venligst, at tilmeldinger kun kan behandles indtil 2 timer før arrangementet.</p>

<p>Dette seminar giver dig et indblik i, hvilke kriterier der kan implementeres hurtigt, nemt og omkostningseffektivt, og fremhæver specifikt det store potentiale, som halvarmesystemer kan have for en bæredygtig virksomhedsudvikling og en positiv rating.</p>
