{"id":17846,"date":"2021-03-19T17:17:32","date_gmt":"2021-03-19T16:17:32","guid":{"rendered":"https:\/\/kuebler.werbe-sofa.de\/referenzen\/rund-30-weniger-co2-mit-dieser-hallenheizung-sind-wir-fuer-jahre-auf-der-sicheren-seite\/"},"modified":"2024-06-19T03:15:55","modified_gmt":"2024-06-19T01:15:55","slug":"ut-umwelt-und-transporttechnik-ag","status":"publish","type":"referenzen","link":"https:\/\/www.kuebler-hallenheizungen.de\/da\/referenzen\/ut-umwelt-und-transporttechnik-ag\/","title":{"rendered":"\"Omkring 30 % mindre CO\u2082 - med dette halvarmesystem er vi p\u00e5 den sikre side i mange \u00e5r fremover.\""},"content":{"rendered":"<p>Den anerkendte liechtensteinske virksomhed UT Umwelt- und Transporttechnik AG har bygget videre p\u00e5 en vidtr\u00e6kkende l\u00f8sning for fremtiden med moderniseringen af sit varmesystem. Der blev installeret et energibesparende system fra den infrar\u00f8de varmespecialist K\u00dcBLER. Siden 2012 har denne l\u00f8sning p\u00e5lideligt sikret b\u00e6redygtig energi og CO\u2082-reduceret varmedrift.<br \/>\n<H\u2082>Problemet med opvarmning<\/H\u2082><br \/>\nKranbane og varmeapparater p\u00e5 et halloft? I 1987 blev de m\u00f8rke radiatorer i Ruggell-montagehallen placeret i 3-4 meters h\u00f8jde direkte over arbejdsstationerne af frygt for kollisioner, og der blev ikke installeret nogen udst\u00f8dningsgasf\u00f8ring. I mellemtiden var apparaterne blevet for\u00e6ldede, reservedele var ikke l\u00e6ngere tilg\u00e6ngelige, og helt nye krav til milj\u00f8beskyttelse og energieffektivitet var tr\u00e5dt i kraft. Der var et presserende behov for at modernisere varmesystemet.<br \/>\n<H\u2082>Kundens krav<\/H\u2082><\/p>\n<ul>\n<li>Moderne teknologi, der opfylder lovkrav i mange \u00e5r fremover<\/li>\n<li>L\u00f8sning p\u00e5 problemet med kollisioner mellem varme- og kranbaner<\/li>\n<li>H\u00f8j p\u00e5lidelighed<\/li>\n<li>Enkel betjening, hurtig \u00e6ndring af indstillinger<\/li>\n<li>P\u00e5lidelig levering af reservedele<\/li>\n<\/ul>\n<p><H\u2082>L\u00f8sningen<\/H\u2082><br \/>\nIf\u00f8lge den gamle model for arbejdspladsopvarmning kunne udst\u00f8dningsgasf\u00f8ringen ikke realiseres. Om ikke andet s\u00e5 p\u00e5 grund af kranbanen. Derfor blev anbefalingen fra Ospelt Haustechnik AG fra Vaduz fulgt. UT realiserede K\u00dcBLER-konceptet til den samlede opvarmning af hallen. Denne l\u00f8sning omfattede oph\u00e6ngning af h\u00f8jeffektive infrar\u00f8de radiatorer - p\u00e5 hallens loft mellem belysningen og kranen. Centralt styret af et moderne og letbetjent digitalt kontrolsystem.<br \/>\n<H\u2082>Udfordringerne<\/H\u2082><br \/>\nHele systemet blev f\u00e6rdiggjort inden for 14 dage. En udfordring, da monteringsarbejdet skulle udf\u00f8res under igangv\u00e6rende operationer. Forholdene var ogs\u00e5 vanskelige: Det forsp\u00e6ndte betonloft tillod n\u00e6sten ikke, at der blev boret huller til oph\u00e6ngning af de infrar\u00f8de varmelegemer. Alle, der var involveret i projektet - UT, Ospelt, den dav\u00e6rende arkitekt, et bygningsingeni\u00f8rkontor og fastg\u00f8relsesspecialister fra HILTI og K\u00dcBLER - arbejdede sammen. Sammen blev der fundet en ideel fastg\u00f8relsesl\u00f8sning. Den omfattende demontering og geninstallation af hele det elektriske system, som UT selv stod for, blev ogs\u00e5 gennemf\u00f8rt hurtigt og efter planen.<\/p>\n<blockquote><p>\"Vi har investeret i banebrydende teknologi med hensyn til energieffektivitet\".<\/p>\n<p>\"Jeg ville n\u00e6ppe have troet, at samarbejdet med en ikke-lokal virksomhed kunne fungere s\u00e5 gnidningsl\u00f8st.\"<br \/>\nWalter Rohrer, Ospelt Haustechnik AG<\/p><\/blockquote>\n<p><H\u2082>Resultatet<\/H\u2082><br \/>\n\u201eEnergibesparelser var ikke en prioritet for os. Men vi er selvf\u00f8lgelig glade for reduktionen p\u00e5 29 % i CO\u2082-emissioner og energiomkostninger*,\u201c siger Edi Veith, teknisk chef hos UT. \u201eVi er glade for at have truffet denne beslutning.\u201c \u201eSimpelthen fantastisk,\u201c siger Walter Rohrer fra Ospelt, der opsummerer sine indtryk og henviser til den overordnede funktionalitet i det nye halvarmesystem. Men b\u00e5de kunden og bygningsteknikeren var is\u00e6r imponeret over det fremragende samarbejde og den gode koordinering i realiseringsfasen. \u201eVi er vant til andre ting,\u201c siger Walter Rohrer. Systemet er nu i sit tredje \u00e5r med p\u00e5lidelig drift. Med hensyn til milj\u00f8krav og energieffektivitet er virksomheden juridisk set p\u00e5 den sikre side i de kommende \u00e5r. Og tilbagemeldingerne fra medarbejderne har ogs\u00e5 v\u00e6ret meget positive. \u201eDer er ingen diskussioner. Tv\u00e6rtimod opfattes arbejdsklimaet som meget behageligt,\u201c siger Edi Veith. UT er ogs\u00e5 meget tilfreds med styresystemet. Guido Ritter fra UT: \u201eTakket v\u00e6re det enkle centrale styresystem kan vi styre varmeprocessen m\u00e5lrettet, s\u00e5 vandet i hallen ikke fryser til is, som det plejer.\u201c<\/p>\n<p><img decoding=\"async\" class=\"alignnone wp-image-2330 size-full\" src=\"https:\/\/www.kuebler-hallenheizungen.de\/wp-content\/uploads\/2021\/03\/bildschirmfoto-2021-03-19-um-18.14.39-optimiert.jpg\" alt=\"Gennemsnitlige besparelser\" width=\"1904\" height=\"476\" srcset=\"https:\/\/www.kuebler-hallenheizungen.de\/wp-content\/uploads\/2021\/03\/bildschirmfoto-2021-03-19-um-18.14.39-optimiert.jpg 1904w, https:\/\/www.kuebler-hallenheizungen.de\/wp-content\/uploads\/2021\/03\/bildschirmfoto-2021-03-19-um-18.14.39-optimiert-300x75.jpg 300w, https:\/\/www.kuebler-hallenheizungen.de\/wp-content\/uploads\/2021\/03\/bildschirmfoto-2021-03-19-um-18.14.39-optimiert-1024x256.jpg 1024w, https:\/\/www.kuebler-hallenheizungen.de\/wp-content\/uploads\/2021\/03\/bildschirmfoto-2021-03-19-um-18.14.39-optimiert-768x192.jpg 768w, https:\/\/www.kuebler-hallenheizungen.de\/wp-content\/uploads\/2021\/03\/bildschirmfoto-2021-03-19-um-18.14.39-optimiert-60x15.jpg 60w, https:\/\/www.kuebler-hallenheizungen.de\/wp-content\/uploads\/2021\/03\/bildschirmfoto-2021-03-19-um-18.14.39-optimiert-100x25.jpg 100w, https:\/\/www.kuebler-hallenheizungen.de\/wp-content\/uploads\/2021\/03\/bildschirmfoto-2021-03-19-um-18.14.39-optimiert-240x60.jpg 240w, https:\/\/www.kuebler-hallenheizungen.de\/wp-content\/uploads\/2021\/03\/bildschirmfoto-2021-03-19-um-18.14.39-optimiert-360x90.jpg 360w, https:\/\/www.kuebler-hallenheizungen.de\/wp-content\/uploads\/2021\/03\/bildschirmfoto-2021-03-19-um-18.14.39-optimiert-480x120.jpg 480w, https:\/\/www.kuebler-hallenheizungen.de\/wp-content\/uploads\/2021\/03\/bildschirmfoto-2021-03-19-um-18.14.39-optimiert-560x140.jpg 560w, https:\/\/www.kuebler-hallenheizungen.de\/wp-content\/uploads\/2021\/03\/bildschirmfoto-2021-03-19-um-18.14.39-optimiert-640x160.jpg 640w, https:\/\/www.kuebler-hallenheizungen.de\/wp-content\/uploads\/2021\/03\/bildschirmfoto-2021-03-19-um-18.14.39-optimiert-720x180.jpg 720w, https:\/\/www.kuebler-hallenheizungen.de\/wp-content\/uploads\/2021\/03\/bildschirmfoto-2021-03-19-um-18.14.39-optimiert-960x240.jpg 960w, https:\/\/www.kuebler-hallenheizungen.de\/wp-content\/uploads\/2021\/03\/bildschirmfoto-2021-03-19-um-18.14.39-optimiert-1168x292.jpg 1168w, https:\/\/www.kuebler-hallenheizungen.de\/wp-content\/uploads\/2021\/03\/bildschirmfoto-2021-03-19-um-18.14.39-optimiert-1440x360.jpg 1440w, https:\/\/www.kuebler-hallenheizungen.de\/wp-content\/uploads\/2021\/03\/bildschirmfoto-2021-03-19-um-18.14.39-optimiert-1536x384.jpg 1536w, https:\/\/www.kuebler-hallenheizungen.de\/wp-content\/uploads\/2021\/03\/bildschirmfoto-2021-03-19-um-18.14.39-optimiert-18x5.jpg 18w\" sizes=\"(max-width: 1904px) 100vw, 1904px\" \/><\/p>\n<p>* Gennemsnitlig besparelse pr. \u00e5r: 29,24 % (beregnet ud fra forbrugsv\u00e6rdierne for det gamle system 2007 - 2011 sammenlignet med forbrugsv\u00e6rdierne efter renoveringen 2012 - 2014).<\/p>","protected":false},"featured_media":19337,"template":"","categories":[1],"class_list":["post-17846","referenzen","type-referenzen","status-publish","has-post-thumbnail","hentry","category-allgemein"],"acf":[],"_links":{"self":[{"href":"https:\/\/www.kuebler-hallenheizungen.de\/da\/wp-json\/wp\/v2\/referenzen\/17846","targetHints":{"allow":["GET"]}}],"collection":[{"href":"https:\/\/www.kuebler-hallenheizungen.de\/da\/wp-json\/wp\/v2\/referenzen"}],"about":[{"href":"https:\/\/www.kuebler-hallenheizungen.de\/da\/wp-json\/wp\/v2\/types\/referenzen"}],"wp:featuredmedia":[{"embeddable":true,"href":"https:\/\/www.kuebler-hallenheizungen.de\/da\/wp-json\/wp\/v2\/media\/19337"}],"wp:attachment":[{"href":"https:\/\/www.kuebler-hallenheizungen.de\/da\/wp-json\/wp\/v2\/media?parent=17846"}],"wp:term":[{"taxonomy":"category","embeddable":true,"href":"https:\/\/www.kuebler-hallenheizungen.de\/da\/wp-json\/wp\/v2\/categories?post=17846"}],"curies":[{"name":"wp","href":"https:\/\/api.w.org\/{rel}","templated":true}]}}

"Omkring 30 % mindre CO₂ - med dette halvarmesystem er vi på den sikre side i mange år fremover."

<p>Den anerkendte liechtensteinske virksomhed UT Umwelt- und Transporttechnik AG har bygget videre på en vidtrækkende løsning for fremtiden med moderniseringen af sit varmesystem. Der blev installeret et energibesparende system fra den infrarøde varmespecialist KÜBLER. Siden 2012 har denne løsning pålideligt sikret bæredygtig energi og CO₂-reduceret varmedrift.<br />
<H₂>Problemet med opvarmning</H₂><br />
Kranbane og varmeapparater på et halloft? I 1987 blev de mørke radiatorer i Ruggell-montagehallen placeret i 3-4 meters højde direkte over arbejdsstationerne af frygt for kollisioner, og der blev ikke installeret nogen udstødningsgasføring. I mellemtiden var apparaterne blevet forældede, reservedele var ikke længere tilgængelige, og helt nye krav til miljøbeskyttelse og energieffektivitet var trådt i kraft. Der var et presserende behov for at modernisere varmesystemet.<br />
<H₂>Kundens krav</H₂></p>
<ul>
<li>Moderne teknologi, der opfylder lovkrav i mange år fremover</li>
<li>Løsning på problemet med kollisioner mellem varme- og kranbaner</li>
<li>Høj pålidelighed</li>
<li>Enkel betjening, hurtig ændring af indstillinger</li>
<li>Pålidelig levering af reservedele</li>
</ul>
<p><H₂>Løsningen</H₂><br />
Ifølge den gamle model for arbejdspladsopvarmning kunne udstødningsgasføringen ikke realiseres. Om ikke andet så på grund af kranbanen. Derfor blev anbefalingen fra Ospelt Haustechnik AG fra Vaduz fulgt. UT realiserede KÜBLER-konceptet til den samlede opvarmning af hallen. Denne løsning omfattede ophængning af højeffektive infrarøde radiatorer - på hallens loft mellem belysningen og kranen. Centralt styret af et moderne og letbetjent digitalt kontrolsystem.<br />
<H₂>Udfordringerne</H₂><br />
Hele systemet blev færdiggjort inden for 14 dage. En udfordring, da monteringsarbejdet skulle udføres under igangværende operationer. Forholdene var også vanskelige: Det forspændte betonloft tillod næsten ikke, at der blev boret huller til ophængning af de infrarøde varmelegemer. Alle, der var involveret i projektet - UT, Ospelt, den daværende arkitekt, et bygningsingeniørkontor og fastgørelsesspecialister fra HILTI og KÜBLER - arbejdede sammen. Sammen blev der fundet en ideel fastgørelsesløsning. Den omfattende demontering og geninstallation af hele det elektriske system, som UT selv stod for, blev også gennemført hurtigt og efter planen.</p>
<blockquote><p>"Vi har investeret i banebrydende teknologi med hensyn til energieffektivitet".</p>
<p>"Jeg ville næppe have troet, at samarbejdet med en ikke-lokal virksomhed kunne fungere så gnidningsløst."<br />
Walter Rohrer, Ospelt Haustechnik AG</p></blockquote>
<p><H₂>Resultatet</H₂><br />
„Energibesparelser var ikke en prioritet for os. Men vi er selvfølgelig glade for reduktionen på 29 % i CO₂-emissioner og energiomkostninger*,“ siger Edi Veith, teknisk chef hos UT. „Vi er glade for at have truffet denne beslutning.“ „Simpelthen fantastisk,“ siger Walter Rohrer fra Ospelt, der opsummerer sine indtryk og henviser til den overordnede funktionalitet i det nye halvarmesystem. Men både kunden og bygningsteknikeren var især imponeret over det fremragende samarbejde og den gode koordinering i realiseringsfasen. „Vi er vant til andre ting,“ siger Walter Rohrer. Systemet er nu i sit tredje år med pålidelig drift. Med hensyn til miljøkrav og energieffektivitet er virksomheden juridisk set på den sikre side i de kommende år. Og tilbagemeldingerne fra medarbejderne har også været meget positive. „Der er ingen diskussioner. Tværtimod opfattes arbejdsklimaet som meget behageligt,“ siger Edi Veith. UT er også meget tilfreds med styresystemet. Guido Ritter fra UT: „Takket være det enkle centrale styresystem kan vi styre varmeprocessen målrettet, så vandet i hallen ikke fryser til is, som det plejer.“</p>
<p><img decoding="async" class="alignnone wp-image-2330 size-full" src="https://www.kuebler-hallenheizungen.de/wp-content/uploads/2021/03/bildschirmfoto-2021-03-19-um-18.14.39-optimiert.jpg" alt="Gennemsnitlige besparelser" width="1904" height="476" srcset="https://www.kuebler-hallenheizungen.de/wp-content/uploads/2021/03/bildschirmfoto-2021-03-19-um-18.14.39-optimiert.jpg 1904w, https://www.kuebler-hallenheizungen.de/wp-content/uploads/2021/03/bildschirmfoto-2021-03-19-um-18.14.39-optimiert-300x75.jpg 300w, https://www.kuebler-hallenheizungen.de/wp-content/uploads/2021/03/bildschirmfoto-2021-03-19-um-18.14.39-optimiert-1024x256.jpg 1024w, https://www.kuebler-hallenheizungen.de/wp-content/uploads/2021/03/bildschirmfoto-2021-03-19-um-18.14.39-optimiert-768x192.jpg 768w, https://www.kuebler-hallenheizungen.de/wp-content/uploads/2021/03/bildschirmfoto-2021-03-19-um-18.14.39-optimiert-60x15.jpg 60w, https://www.kuebler-hallenheizungen.de/wp-content/uploads/2021/03/bildschirmfoto-2021-03-19-um-18.14.39-optimiert-100x25.jpg 100w, https://www.kuebler-hallenheizungen.de/wp-content/uploads/2021/03/bildschirmfoto-2021-03-19-um-18.14.39-optimiert-240x60.jpg 240w, https://www.kuebler-hallenheizungen.de/wp-content/uploads/2021/03/bildschirmfoto-2021-03-19-um-18.14.39-optimiert-360x90.jpg 360w, https://www.kuebler-hallenheizungen.de/wp-content/uploads/2021/03/bildschirmfoto-2021-03-19-um-18.14.39-optimiert-480x120.jpg 480w, https://www.kuebler-hallenheizungen.de/wp-content/uploads/2021/03/bildschirmfoto-2021-03-19-um-18.14.39-optimiert-560x140.jpg 560w, https://www.kuebler-hallenheizungen.de/wp-content/uploads/2021/03/bildschirmfoto-2021-03-19-um-18.14.39-optimiert-640x160.jpg 640w, https://www.kuebler-hallenheizungen.de/wp-content/uploads/2021/03/bildschirmfoto-2021-03-19-um-18.14.39-optimiert-720x180.jpg 720w, https://www.kuebler-hallenheizungen.de/wp-content/uploads/2021/03/bildschirmfoto-2021-03-19-um-18.14.39-optimiert-960x240.jpg 960w, https://www.kuebler-hallenheizungen.de/wp-content/uploads/2021/03/bildschirmfoto-2021-03-19-um-18.14.39-optimiert-1168x292.jpg 1168w, https://www.kuebler-hallenheizungen.de/wp-content/uploads/2021/03/bildschirmfoto-2021-03-19-um-18.14.39-optimiert-1440x360.jpg 1440w, https://www.kuebler-hallenheizungen.de/wp-content/uploads/2021/03/bildschirmfoto-2021-03-19-um-18.14.39-optimiert-1536x384.jpg 1536w, https://www.kuebler-hallenheizungen.de/wp-content/uploads/2021/03/bildschirmfoto-2021-03-19-um-18.14.39-optimiert-18x5.jpg 18w" sizes="(max-width: 1904px) 100vw, 1904px" /></p>
<p>* Gennemsnitlig besparelse pr. år: 29,24 % (beregnet ud fra forbrugsværdierne for det gamle system 2007 - 2011 sammenlignet med forbrugsværdierne efter renoveringen 2012 - 2014).</p>
