{"id":17071,"date":"2024-03-08T04:29:20","date_gmt":"2024-03-08T03:29:20","guid":{"rendered":"https:\/\/kuebler.werbe-sofa.de\/?post_type=awards&#038;p=17071"},"modified":"2024-10-11T12:08:49","modified_gmt":"2024-10-11T10:08:49","slug":"baijerin-valtionpalkinto-2006","status":"publish","type":"awards","link":"https:\/\/www.kuebler-hallenheizungen.de\/fi\/auszeichnungen\/bayerischer-staatspreis-2006\/","title":{"rendered":"Baijerin osavaltion palkinto 2006"},"content":{"rendered":"<p>Palkittu innovaatiosta ja <a class=\"stdlink\" href=\"http:\/\/alt.kuebler-hallenheizungen.de\/de\/kuebler\/nachhaltigkeit\/\">Kest\u00e4v\u00e4 kehitys<\/a> - K\u00dcBLER GmbH voitti Baijerin osavaltion palkinnon 2006 Baijerin osavaltion talous-, infrastruktuuri-, liikenne- ja teknologiaministeri\u00f6 luovutti juhlallisesti toimitusjohtaja Thomas K\u00fcblerille kansainv\u00e4lisesti arvostetun palkinnon 58. kansainv\u00e4lisill\u00e4 k\u00e4sity\u00f6messuilla (IHM) M\u00fcncheniss\u00e4.<\/p>","protected":false},"featured_media":17075,"template":"","awards-year":[348],"class_list":["post-17071","awards","type-awards","status-publish","has-post-thumbnail","hentry","awards-year-348"],"acf":[],"_links":{"self":[{"href":"https:\/\/www.kuebler-hallenheizungen.de\/fi\/wp-json\/wp\/v2\/awards\/17071","targetHints":{"allow":["GET"]}}],"collection":[{"href":"https:\/\/www.kuebler-hallenheizungen.de\/fi\/wp-json\/wp\/v2\/awards"}],"about":[{"href":"https:\/\/www.kuebler-hallenheizungen.de\/fi\/wp-json\/wp\/v2\/types\/awards"}],"wp:featuredmedia":[{"embeddable":true,"href":"https:\/\/www.kuebler-hallenheizungen.de\/fi\/wp-json\/wp\/v2\/media\/17075"}],"wp:attachment":[{"href":"https:\/\/www.kuebler-hallenheizungen.de\/fi\/wp-json\/wp\/v2\/media?parent=17071"}],"wp:term":[{"taxonomy":"awards-year","embeddable":true,"href":"https:\/\/www.kuebler-hallenheizungen.de\/fi\/wp-json\/wp\/v2\/awards-year?post=17071"}],"curies":[{"name":"wp","href":"https:\/\/api.w.org\/{rel}","templated":true}]}}

<p>Palkittu innovaatiosta ja <a class="stdlink" href="http://alt.kuebler-hallenheizungen.de/de/kuebler/nachhaltigkeit/">Kestävä kehitys</a> - KÜBLER GmbH voitti Baijerin osavaltion palkinnon 2006 Baijerin osavaltion talous-, infrastruktuuri-, liikenne- ja teknologiaministeriö luovutti juhlallisesti toimitusjohtaja Thomas Küblerille kansainvälisesti arvostetun palkinnon 58. kansainvälisillä käsityömessuilla (IHM) Münchenissä.</p>
