{"id":19028,"date":"2024-05-14T01:50:20","date_gmt":"2024-05-13T23:50:20","guid":{"rendered":"https:\/\/kuebler.werbe-sofa.de\/?post_type=awards&#038;p=19028"},"modified":"2024-10-11T11:08:07","modified_gmt":"2024-10-11T09:08:07","slug":"2023-design-award-focus-avoin","status":"publish","type":"awards","link":"https:\/\/www.kuebler-hallenheizungen.de\/fi\/auszeichnungen\/2023-designpreis-focus-open\/","title":{"rendered":"2023 - DESIGN AWARD FOCUS AVOIN"},"content":{"rendered":"<p>FUTURA on palkittu FOCUS OPEN -tapahtumassa Special Mention -luokassa - arvokas vahvistus t\u00e4m\u00e4n tuotekehityksen laadusta kansainv\u00e4lisess\u00e4 vertailussa. T\u00e4ll\u00e4 palkinnolla Design Center Baden-W\u00fcrttemberg tunnustaa muotoilun tason, joka ylitt\u00e4\u00e4 vakiintuneen tason. FUTURA kelpuutettiin t\u00e4h\u00e4n palkintoon sen energia-avoimuuden ja mahdollisuuden k\u00e4ytt\u00e4\u00e4 sit\u00e4 2-in-1-ratkaisuna energia-avoimen l\u00e4mmityksen ja valaistuksen toteuttamiseksi hallialueella.<\/p>","protected":false},"featured_media":19031,"template":"","awards-year":[365],"class_list":["post-19028","awards","type-awards","status-publish","has-post-thumbnail","hentry","awards-year-365"],"acf":[],"_links":{"self":[{"href":"https:\/\/www.kuebler-hallenheizungen.de\/fi\/wp-json\/wp\/v2\/awards\/19028","targetHints":{"allow":["GET"]}}],"collection":[{"href":"https:\/\/www.kuebler-hallenheizungen.de\/fi\/wp-json\/wp\/v2\/awards"}],"about":[{"href":"https:\/\/www.kuebler-hallenheizungen.de\/fi\/wp-json\/wp\/v2\/types\/awards"}],"wp:featuredmedia":[{"embeddable":true,"href":"https:\/\/www.kuebler-hallenheizungen.de\/fi\/wp-json\/wp\/v2\/media\/19031"}],"wp:attachment":[{"href":"https:\/\/www.kuebler-hallenheizungen.de\/fi\/wp-json\/wp\/v2\/media?parent=19028"}],"wp:term":[{"taxonomy":"awards-year","embeddable":true,"href":"https:\/\/www.kuebler-hallenheizungen.de\/fi\/wp-json\/wp\/v2\/awards-year?post=19028"}],"curies":[{"name":"wp","href":"https:\/\/api.w.org\/{rel}","templated":true}]}}

<p>FUTURA on palkittu FOCUS OPEN -tapahtumassa Special Mention -luokassa - arvokas vahvistus tämän tuotekehityksen laadusta kansainvälisessä vertailussa. Tällä palkinnolla Design Center Baden-Württemberg tunnustaa muotoilun tason, joka ylittää vakiintuneen tason. FUTURA kelpuutettiin tähän palkintoon sen energia-avoimuuden ja mahdollisuuden käyttää sitä 2-in-1-ratkaisuna energia-avoimen lämmityksen ja valaistuksen toteuttamiseksi hallialueella.</p>
