{"id":19523,"date":"2024-05-24T14:02:47","date_gmt":"2024-05-24T12:02:47","guid":{"rendered":"https:\/\/www.kuebler-hallenheizungen.de\/?post_type=event&#038;p=19523"},"modified":"2024-09-18T12:42:01","modified_gmt":"2024-09-18T10:42:01","slug":"buildinx-dortmund-19-21-11-2024","status":"publish","type":"event","link":"https:\/\/www.kuebler-hallenheizungen.de\/fi\/event\/buildinx-dortmund-19-21-11-2024\/","title":{"rendered":"BUILDINX Dortmund 19-21 marraskuuta 2024"},"content":{"rendered":"<p>Ryhdy energiank\u00e4ytt\u00e4j\u00e4ksi kanssamme BUILDINXiss\u00e4 Dortmundissa. Innovatiivisen logistiikan ja teollisuuskiinteist\u00f6jen koko arvoketjun liiketoimintafoorumi.<br \/>\n<H\u2082>Vieraile luonamme\u00a0<strong>Halli 5 | St\u00e4ndi 5.E30<\/strong><\/H\u2082><br \/>\n&nbsp;<\/p>\n<p>Odotamme innolla vierailuanne!<\/p>","protected":false},"excerpt":{"rendered":"<p>Vieraile luonamme innovatiivisen logistiikan ja teollisuuskiinteist\u00f6jen koko arvoketjun liiketoimintafoorumilla.<\/p>","protected":false},"featured_media":19525,"template":"","event-type":[460],"class_list":["post-19523","event","type-event","status-publish","has-post-thumbnail","hentry","event-type-messe"],"acf":[],"_links":{"self":[{"href":"https:\/\/www.kuebler-hallenheizungen.de\/fi\/wp-json\/wp\/v2\/event\/19523","targetHints":{"allow":["GET"]}}],"collection":[{"href":"https:\/\/www.kuebler-hallenheizungen.de\/fi\/wp-json\/wp\/v2\/event"}],"about":[{"href":"https:\/\/www.kuebler-hallenheizungen.de\/fi\/wp-json\/wp\/v2\/types\/event"}],"wp:featuredmedia":[{"embeddable":true,"href":"https:\/\/www.kuebler-hallenheizungen.de\/fi\/wp-json\/wp\/v2\/media\/19525"}],"wp:attachment":[{"href":"https:\/\/www.kuebler-hallenheizungen.de\/fi\/wp-json\/wp\/v2\/media?parent=19523"}],"wp:term":[{"taxonomy":"event-type","embeddable":true,"href":"https:\/\/www.kuebler-hallenheizungen.de\/fi\/wp-json\/wp\/v2\/event-type?post=19523"}],"curies":[{"name":"wp","href":"https:\/\/api.w.org\/{rel}","templated":true}]}}

<p>Ryhdy energiankäyttäjäksi kanssamme BUILDINXissä Dortmundissa. Innovatiivisen logistiikan ja teollisuuskiinteistöjen koko arvoketjun liiketoimintafoorumi.<br />
<H₂>Vieraile luonamme <strong>Halli 5 | Ständi 5.E30</strong></H₂><br />
&nbsp;</p>
<p>Odotamme innolla vierailuanne!</p>

<p>Vieraile luonamme innovatiivisen logistiikan ja teollisuuskiinteistöjen koko arvoketjun liiketoimintafoorumilla.</p>
