{"id":28254,"date":"2024-09-11T13:01:02","date_gmt":"2024-09-11T11:01:02","guid":{"rendered":"https:\/\/www.kuebler-hallenheizungen.de\/?post_type=event&#038;p=28254"},"modified":"2024-09-18T12:40:12","modified_gmt":"2024-09-18T10:40:12","slug":"rakentaminen-muenchen-13-17-01-2025","status":"publish","type":"event","link":"https:\/\/www.kuebler-hallenheizungen.de\/fi\/event\/bau-muenchen-13-17-01-2025\/","title":{"rendered":"BAU M\u00fcnchen 13-17 tammikuu 2025"},"content":{"rendered":"<p>Ryhdy energiank\u00e4ytt\u00e4j\u00e4ksi kanssamme BAU:ssa M\u00fcncheniss\u00e4. Maailman johtavat arkkitehtuurin, materiaalien ja j\u00e4rjestelmien messut.<br \/>\n<H\u2082>Vieraile luonamme\u00a0<strong>Halli B2 | Osasto 537<\/strong><\/H\u2082><br \/>\n&nbsp;<\/p>\n<p>Odotamme innolla vierailuanne!<\/p>","protected":false},"excerpt":{"rendered":"<p>Vieraile K\u00dcBLERin BAU-messuilla M\u00fcncheniss\u00e4 ja tutustu uraauurtaviin hallien l\u00e4mmitysj\u00e4rjestelmiimme! <\/p>","protected":false},"featured_media":28258,"template":"","event-type":[460],"class_list":["post-28254","event","type-event","status-publish","has-post-thumbnail","hentry","event-type-messe"],"acf":[],"_links":{"self":[{"href":"https:\/\/www.kuebler-hallenheizungen.de\/fi\/wp-json\/wp\/v2\/event\/28254","targetHints":{"allow":["GET"]}}],"collection":[{"href":"https:\/\/www.kuebler-hallenheizungen.de\/fi\/wp-json\/wp\/v2\/event"}],"about":[{"href":"https:\/\/www.kuebler-hallenheizungen.de\/fi\/wp-json\/wp\/v2\/types\/event"}],"wp:featuredmedia":[{"embeddable":true,"href":"https:\/\/www.kuebler-hallenheizungen.de\/fi\/wp-json\/wp\/v2\/media\/28258"}],"wp:attachment":[{"href":"https:\/\/www.kuebler-hallenheizungen.de\/fi\/wp-json\/wp\/v2\/media?parent=28254"}],"wp:term":[{"taxonomy":"event-type","embeddable":true,"href":"https:\/\/www.kuebler-hallenheizungen.de\/fi\/wp-json\/wp\/v2\/event-type?post=28254"}],"curies":[{"name":"wp","href":"https:\/\/api.w.org\/{rel}","templated":true}]}}

BAU München 13-17 tammikuu 2025

<p>Ryhdy energiankäyttäjäksi kanssamme BAU:ssa Münchenissä. Maailman johtavat arkkitehtuurin, materiaalien ja järjestelmien messut.<br />
<H₂>Vieraile luonamme <strong>Halli B2 | Osasto 537</strong></H₂><br />
&nbsp;</p>
<p>Odotamme innolla vierailuanne!</p>

<p>Vieraile KÜBLERin BAU-messuilla Münchenissä ja tutustu uraauurtaviin hallien lämmitysjärjestelmiimme! </p>
