{"id":28259,"date":"2024-09-11T14:35:46","date_gmt":"2024-09-11T12:35:46","guid":{"rendered":"https:\/\/www.kuebler-hallenheizungen.de\/?post_type=event&#038;p=28259"},"modified":"2024-09-18T12:39:59","modified_gmt":"2024-09-18T10:39:59","slug":"ish-frankfurt-17-21-03-2025","status":"publish","type":"event","link":"https:\/\/www.kuebler-hallenheizungen.de\/fi\/event\/ish-frankfurt-17-21-03-2025\/","title":{"rendered":"ISH Frankfurt 17-21 maaliskuu 2025"},"content":{"rendered":"<p>Ryhdy energiank\u00e4ytt\u00e4j\u00e4ksi kanssamme Frankfurtin ISH-messuilla. Maailman johtavat vesi-, l\u00e4mmitys- ja ilmastointialan messut.<br \/>\n<H\u2082>Vieraile luonamme\u00a0<strong>Sali 12.0 | Osasto C69<\/strong><\/H\u2082><br \/>\n&nbsp;<\/p>\n<p>Odotamme innolla vierailuanne!<\/p>","protected":false},"excerpt":{"rendered":"<p>Vieraile K\u00dcBLERill\u00e4 ISH 2025 -messuilla Frankfurtissa, maailman johtavilla vesi-, l\u00e4mmitys- ja ilmastointialan messuilla!<\/p>","protected":false},"featured_media":28262,"template":"","event-type":[460],"class_list":["post-28259","event","type-event","status-publish","has-post-thumbnail","hentry","event-type-messe"],"acf":[],"_links":{"self":[{"href":"https:\/\/www.kuebler-hallenheizungen.de\/fi\/wp-json\/wp\/v2\/event\/28259","targetHints":{"allow":["GET"]}}],"collection":[{"href":"https:\/\/www.kuebler-hallenheizungen.de\/fi\/wp-json\/wp\/v2\/event"}],"about":[{"href":"https:\/\/www.kuebler-hallenheizungen.de\/fi\/wp-json\/wp\/v2\/types\/event"}],"wp:featuredmedia":[{"embeddable":true,"href":"https:\/\/www.kuebler-hallenheizungen.de\/fi\/wp-json\/wp\/v2\/media\/28262"}],"wp:attachment":[{"href":"https:\/\/www.kuebler-hallenheizungen.de\/fi\/wp-json\/wp\/v2\/media?parent=28259"}],"wp:term":[{"taxonomy":"event-type","embeddable":true,"href":"https:\/\/www.kuebler-hallenheizungen.de\/fi\/wp-json\/wp\/v2\/event-type?post=28259"}],"curies":[{"name":"wp","href":"https:\/\/api.w.org\/{rel}","templated":true}]}}

<p>Ryhdy energiankäyttäjäksi kanssamme Frankfurtin ISH-messuilla. Maailman johtavat vesi-, lämmitys- ja ilmastointialan messut.<br />
<H₂>Vieraile luonamme <strong>Sali 12.0 | Osasto C69</strong></H₂><br />
&nbsp;</p>
<p>Odotamme innolla vierailuanne!</p>

<p>Vieraile KÜBLERillä ISH 2025 -messuilla Frankfurtissa, maailman johtavilla vesi-, lämmitys- ja ilmastointialan messuilla!</p>
