{"id":47292,"date":"2025-12-02T15:49:10","date_gmt":"2025-12-02T14:49:10","guid":{"rendered":"https:\/\/www.kuebler-hallenheizungen.de\/?post_type=event&#038;p=47292"},"modified":"2026-03-17T12:17:11","modified_gmt":"2026-03-17T11:17:11","slug":"eu-ets-ja-co2-19-03-26","status":"publish","type":"event","link":"https:\/\/www.kuebler-hallenheizungen.de\/fi\/event\/eu-ets-und-co2-19-03-26\/","title":{"rendered":"EU-ETS &amp; CO\u2082-HINNOITTELU \u2013 Kuinka kustannuspommia voidaan lievent\u00e4\u00e4 19.03.2026"},"content":{"rendered":"<p>T\u00e4ss\u00e4 web-seminaarissa saatte k\u00e4sityksen uusista haasteista, jotka vaikuttavat yksityiseen sektoriin ja etenkin l\u00e4hes kaikkiin EU:n yrityksiin. Saat selville, mill\u00e4 \u00e4lykk\u00e4ill\u00e4 energia- ja l\u00e4mp\u00f6strategioilla voit hallita haasteet ja muuttaa ne yrityksesi voitoiksi. Osoitteessa<\/p>\n<ul>\n<li>Kai-Uwe Gr\u00fctter, K\u00dcBLERin nimenkirjoitusoikeuden haltija<\/li>\n<\/ul>\n<p>Asiantuntijamme opastaa sinua t\u00e4ss\u00e4 web-seminaarissa. Esit\u00e4 kysymyksesi, osallistu keskusteluun ja hy\u00f6dynn\u00e4 arvokkaita vinkkej\u00e4 ja neuvoja siit\u00e4, miten voit purkaa yrityksesi kustannuspommin k\u00e4yt\u00e4nn\u00f6nl\u00e4heisesti ja taloudellisesti.<\/p>\n<p>&nbsp;<\/p>\n<p><strong>Verkkoseminaari j\u00e4rjestet\u00e4\u00e4n verkossa Microsoft Teamsin kautta. Odotamme innolla osallistumistasi!<\/strong><\/p>\n<p><strong>EU-ETS &amp; CO\u2082-HINNOITTELU \u2013 Kuinka kustannuspommia voidaan lievent\u00e4\u00e4 <\/strong><\/p>\n<p>Torstai, 19.03.2026 | 11:00 - 12:00 a.m.<\/p>\n<p>&nbsp;<\/p>\n<p>Huomaa, ett\u00e4 ilmoittautumisia voidaan k\u00e4sitell\u00e4 vain 2 tuntia ennen tapahtumaa.<\/p>","protected":false},"excerpt":{"rendered":"<p>T\u00e4ss\u00e4 seminaarissa kerrotaan, mitk\u00e4 kriteerit voidaan toteuttaa nopeasti, helposti ja kustannustehokkaasti, ja korostetaan erityisesti sit\u00e4 suurta potentiaalia, joka hallien l\u00e4mmitysj\u00e4rjestelmill\u00e4 voi olla kest\u00e4v\u00e4n yrityskehityksen ja positiivisen luokituksen kannalta.<\/p>","protected":false},"featured_media":30446,"template":"","event-type":[459],"class_list":["post-47292","event","type-event","status-publish","has-post-thumbnail","hentry","event-type-seminar"],"acf":[],"_links":{"self":[{"href":"https:\/\/www.kuebler-hallenheizungen.de\/fi\/wp-json\/wp\/v2\/event\/47292","targetHints":{"allow":["GET"]}}],"collection":[{"href":"https:\/\/www.kuebler-hallenheizungen.de\/fi\/wp-json\/wp\/v2\/event"}],"about":[{"href":"https:\/\/www.kuebler-hallenheizungen.de\/fi\/wp-json\/wp\/v2\/types\/event"}],"wp:featuredmedia":[{"embeddable":true,"href":"https:\/\/www.kuebler-hallenheizungen.de\/fi\/wp-json\/wp\/v2\/media\/30446"}],"wp:attachment":[{"href":"https:\/\/www.kuebler-hallenheizungen.de\/fi\/wp-json\/wp\/v2\/media?parent=47292"}],"wp:term":[{"taxonomy":"event-type","embeddable":true,"href":"https:\/\/www.kuebler-hallenheizungen.de\/fi\/wp-json\/wp\/v2\/event-type?post=47292"}],"curies":[{"name":"wp","href":"https:\/\/api.w.org\/{rel}","templated":true}]}}

EU-ETS &amp; CO₂-HINNOITTELU – Kuinka kustannuspommia voidaan lieventää 19.03.2026

<p>Tässä web-seminaarissa saatte käsityksen uusista haasteista, jotka vaikuttavat yksityiseen sektoriin ja etenkin lähes kaikkiin EU:n yrityksiin. Saat selville, millä älykkäillä energia- ja lämpöstrategioilla voit hallita haasteet ja muuttaa ne yrityksesi voitoiksi. Osoitteessa</p>
<ul>
<li>Kai-Uwe Grütter, KÜBLERin nimenkirjoitusoikeuden haltija</li>
</ul>
<p>Asiantuntijamme opastaa sinua tässä web-seminaarissa. Esitä kysymyksesi, osallistu keskusteluun ja hyödynnä arvokkaita vinkkejä ja neuvoja siitä, miten voit purkaa yrityksesi kustannuspommin käytännönläheisesti ja taloudellisesti.</p>
<p>&nbsp;</p>
<p><strong>Verkkoseminaari järjestetään verkossa Microsoft Teamsin kautta. Odotamme innolla osallistumistasi!</strong></p>
<p><strong>EU-ETS &amp; CO₂-HINNOITTELU – Kuinka kustannuspommia voidaan lieventää </strong></p>
<p>Torstai, 19.03.2026 | 11:00 - 12:00 a.m.</p>
<p>&nbsp;</p>
<p>Huomaa, että ilmoittautumisia voidaan käsitellä vain 2 tuntia ennen tapahtumaa.</p>

<p>Tässä seminaarissa kerrotaan, mitkä kriteerit voidaan toteuttaa nopeasti, helposti ja kustannustehokkaasti, ja korostetaan erityisesti sitä suurta potentiaalia, joka hallien lämmitysjärjestelmillä voi olla kestävän yrityskehityksen ja positiivisen luokituksen kannalta.</p>
