{"id":16983,"date":"2024-03-06T03:57:43","date_gmt":"2024-03-06T02:57:43","guid":{"rendered":"https:\/\/kuebler.werbe-sofa.de\/?post_type=award&#038;p=16983"},"modified":"2024-09-06T11:07:34","modified_gmt":"2024-09-06T09:07:34","slug":"a-rajna-videk-pfalz-innovacios-dij-2012-es-nyertese","status":"publish","type":"awards","link":"https:\/\/www.kuebler-hallenheizungen.de\/hu\/auszeichnungen\/2012-preistraeger-innovationspreis-rheinland-pfalz\/","title":{"rendered":"2012 - A \"Rajna-vid\u00e9k-Pfalz innov\u00e1ci\u00f3s d\u00edj\" gy\u0151ztese"},"content":{"rendered":"<p>A Gazdas\u00e1gi, \u00c9ghajlatv\u00e9delmi, Energia\u00fcgyi \u00e9s Ter\u00fcletrendez\u00e9si Miniszt\u00e9rium a Rajna-vid\u00e9k-Pfalzi Ipari \u00e9s Kereskedelmi Kamara \u00e9s a K\u00e9zm\u0171ves Kamara munkacsoportjaival egy\u00fctt imm\u00e1r 25. alkalommal d\u00edjazza a k\u00fcl\u00f6n\u00f6sen innovat\u00edv v\u00e1llalkoz\u00e1sokat a tartom\u00e1nyi innov\u00e1ci\u00f3s d\u00edjjal. Jubileumi \u00e9v\u00e9ben a K\u00dcBLER GmbH kapja az \u00e1h\u00edtott d\u00edjat az innovat\u00edv H.Y.B.B.R.I.D. csarnokf\u0171t\u00e9si rendszer\u00e9\u00e9rt, integr\u00e1lt marad\u00e9kh\u0151-hasznos\u00edt\u00e1ssal. A ludwigshafeni sz\u00e9khely\u0171 csarnokf\u0171t\u00e9si specialista 2012-ben m\u00e1r m\u00e1sodszor kapja meg a h\u0151n \u00e1h\u00edtott innov\u00e1ci\u00f3s d\u00edjat.<\/p>","protected":false},"featured_media":17067,"template":"","awards-year":[354],"class_list":["post-16983","awards","type-awards","status-publish","has-post-thumbnail","hentry","awards-year-354"],"acf":[],"_links":{"self":[{"href":"https:\/\/www.kuebler-hallenheizungen.de\/hu\/wp-json\/wp\/v2\/awards\/16983","targetHints":{"allow":["GET"]}}],"collection":[{"href":"https:\/\/www.kuebler-hallenheizungen.de\/hu\/wp-json\/wp\/v2\/awards"}],"about":[{"href":"https:\/\/www.kuebler-hallenheizungen.de\/hu\/wp-json\/wp\/v2\/types\/awards"}],"wp:featuredmedia":[{"embeddable":true,"href":"https:\/\/www.kuebler-hallenheizungen.de\/hu\/wp-json\/wp\/v2\/media\/17067"}],"wp:attachment":[{"href":"https:\/\/www.kuebler-hallenheizungen.de\/hu\/wp-json\/wp\/v2\/media?parent=16983"}],"wp:term":[{"taxonomy":"awards-year","embeddable":true,"href":"https:\/\/www.kuebler-hallenheizungen.de\/hu\/wp-json\/wp\/v2\/awards-year?post=16983"}],"curies":[{"name":"wp","href":"https:\/\/api.w.org\/{rel}","templated":true}]}}

2012 - A "Rajna-vidék-Pfalz innovációs díj" győztese

<p>A Gazdasági, Éghajlatvédelmi, Energiaügyi és Területrendezési Minisztérium a Rajna-vidék-Pfalzi Ipari és Kereskedelmi Kamara és a Kézműves Kamara munkacsoportjaival együtt immár 25. alkalommal díjazza a különösen innovatív vállalkozásokat a tartományi innovációs díjjal. Jubileumi évében a KÜBLER GmbH kapja az áhított díjat az innovatív H.Y.B.B.R.I.D. csarnokfűtési rendszeréért, integrált maradékhő-hasznosítással. A ludwigshafeni székhelyű csarnokfűtési specialista 2012-ben már másodszor kapja meg a hőn áhított innovációs díjat.</p>
