{"id":16984,"date":"2024-03-06T03:58:01","date_gmt":"2024-03-06T02:58:01","guid":{"rendered":"https:\/\/kuebler.werbe-sofa.de\/?post_type=award&#038;p=16984"},"modified":"2024-10-11T12:49:08","modified_gmt":"2024-10-11T10:49:08","slug":"a-nemet-fenntarthatosagi-dij-2012-es-nyertese","status":"publish","type":"awards","link":"https:\/\/www.kuebler-hallenheizungen.de\/hu\/auszeichnungen\/2012-gewinner-deutscher-nachhaltigkeitspreis-2012\/","title":{"rendered":"2012 - A \"N\u00e9met Fenntarthat\u00f3s\u00e1gi D\u00edj 2012\" gy\u0151ztese"},"content":{"rendered":"<p>A N\u00e9met Fenntarthat\u00f3s\u00e1gi D\u00edj olyan v\u00e1llalatokat ismer el, amelyek a gazdas\u00e1gi sikert a t\u00e1rsadalmi felel\u0151ss\u00e9gv\u00e1llal\u00e1ssal \u00e9s a k\u00f6rnyezetv\u00e9delemmel \u00f6tv\u00f6zik, \u00e9s a fenntarthat\u00f3 cselekv\u00e9st tov\u00e1bbi n\u00f6veked\u00e9s\u00fck \u00e9rdek\u00e9ben alkalmazz\u00e1k. A \"N\u00e9metorsz\u00e1g legfenntarthat\u00f3bb term\u00e9ke\" d\u00edjat a K\u00dcBLER csarnokf\u0171t\u0151 c\u00e9g nyerte el. A t\u00edztag\u00fa szak\u00e9rt\u0151i zs\u0171ri a H.Y.B.B.R.I.D. csarnokf\u0171t\u00e9si rendszer magas energiahat\u00e9konys\u00e1g\u00e1t d\u00edjazta a N\u00e9met Fenntarthat\u00f3s\u00e1gi D\u00edjjal.<\/p>","protected":false},"featured_media":28438,"template":"","awards-year":[354],"class_list":["post-16984","awards","type-awards","status-publish","has-post-thumbnail","hentry","awards-year-354"],"acf":[],"_links":{"self":[{"href":"https:\/\/www.kuebler-hallenheizungen.de\/hu\/wp-json\/wp\/v2\/awards\/16984","targetHints":{"allow":["GET"]}}],"collection":[{"href":"https:\/\/www.kuebler-hallenheizungen.de\/hu\/wp-json\/wp\/v2\/awards"}],"about":[{"href":"https:\/\/www.kuebler-hallenheizungen.de\/hu\/wp-json\/wp\/v2\/types\/awards"}],"wp:featuredmedia":[{"embeddable":true,"href":"https:\/\/www.kuebler-hallenheizungen.de\/hu\/wp-json\/wp\/v2\/media\/28438"}],"wp:attachment":[{"href":"https:\/\/www.kuebler-hallenheizungen.de\/hu\/wp-json\/wp\/v2\/media?parent=16984"}],"wp:term":[{"taxonomy":"awards-year","embeddable":true,"href":"https:\/\/www.kuebler-hallenheizungen.de\/hu\/wp-json\/wp\/v2\/awards-year?post=16984"}],"curies":[{"name":"wp","href":"https:\/\/api.w.org\/{rel}","templated":true}]}}

2012 - A "Német Fenntarthatósági Díj 2012" győztese

<p>A Német Fenntarthatósági Díj olyan vállalatokat ismer el, amelyek a gazdasági sikert a társadalmi felelősségvállalással és a környezetvédelemmel ötvözik, és a fenntartható cselekvést további növekedésük érdekében alkalmazzák. A "Németország legfenntarthatóbb terméke" díjat a KÜBLER csarnokfűtő cég nyerte el. A tíztagú szakértői zsűri a H.Y.B.B.R.I.D. csarnokfűtési rendszer magas energiahatékonyságát díjazta a Német Fenntarthatósági Díjjal.</p>
