{"id":19028,"date":"2024-05-14T01:50:20","date_gmt":"2024-05-13T23:50:20","guid":{"rendered":"https:\/\/kuebler.werbe-sofa.de\/?post_type=awards&#038;p=19028"},"modified":"2024-10-11T11:08:07","modified_gmt":"2024-10-11T09:08:07","slug":"2023-as-tervezesi-dij-fokusz-nyitott","status":"publish","type":"awards","link":"https:\/\/www.kuebler-hallenheizungen.de\/hu\/auszeichnungen\/2023-designpreis-focus-open\/","title":{"rendered":"2023 - TERVEZ\u00c9SI D\u00cdJ F\u00d3KUSZ NYITOTT"},"content":{"rendered":"<p>A FUTURA-t a FOCUS OPEN-en a Special Mention kateg\u00f3ri\u00e1ban d\u00edjazt\u00e1k, ami nemzetk\u00f6zi \u00f6sszehasonl\u00edt\u00e1sban is \u00e9rt\u00e9kes meger\u0151s\u00edt\u00e9se a term\u00e9kfejleszt\u00e9s min\u0151s\u00e9g\u00e9nek. Ezzel a d\u00edjjal a Design Center Baden-W\u00fcrttemberg a kialakult szintet meghalad\u00f3 formatervez\u00e9si sz\u00ednvonalat ismeri el. A FUTURA az energetikai nyitotts\u00e1g\u00e1nak \u00e9s a csarnok ter\u00fclet\u00e9n az energia-nyitott f\u0171t\u00e9s \u00e9s vil\u00e1g\u00edt\u00e1s 2 az 1-ben megold\u00e1sk\u00e9nt val\u00f3 haszn\u00e1lat\u00e1nak lehet\u0151s\u00e9g\u00e9nek k\u00f6sz\u00f6nhet\u0151en kvalifik\u00e1lta mag\u00e1t erre a d\u00edjra.<\/p>","protected":false},"featured_media":19031,"template":"","awards-year":[365],"class_list":["post-19028","awards","type-awards","status-publish","has-post-thumbnail","hentry","awards-year-365"],"acf":[],"_links":{"self":[{"href":"https:\/\/www.kuebler-hallenheizungen.de\/hu\/wp-json\/wp\/v2\/awards\/19028","targetHints":{"allow":["GET"]}}],"collection":[{"href":"https:\/\/www.kuebler-hallenheizungen.de\/hu\/wp-json\/wp\/v2\/awards"}],"about":[{"href":"https:\/\/www.kuebler-hallenheizungen.de\/hu\/wp-json\/wp\/v2\/types\/awards"}],"wp:featuredmedia":[{"embeddable":true,"href":"https:\/\/www.kuebler-hallenheizungen.de\/hu\/wp-json\/wp\/v2\/media\/19031"}],"wp:attachment":[{"href":"https:\/\/www.kuebler-hallenheizungen.de\/hu\/wp-json\/wp\/v2\/media?parent=19028"}],"wp:term":[{"taxonomy":"awards-year","embeddable":true,"href":"https:\/\/www.kuebler-hallenheizungen.de\/hu\/wp-json\/wp\/v2\/awards-year?post=19028"}],"curies":[{"name":"wp","href":"https:\/\/api.w.org\/{rel}","templated":true}]}}

2023 - TERVEZÉSI DÍJ FÓKUSZ NYITOTT

<p>A FUTURA-t a FOCUS OPEN-en a Special Mention kategóriában díjazták, ami nemzetközi összehasonlításban is értékes megerősítése a termékfejlesztés minőségének. Ezzel a díjjal a Design Center Baden-Württemberg a kialakult szintet meghaladó formatervezési színvonalat ismeri el. A FUTURA az energetikai nyitottságának és a csarnok területén az energia-nyitott fűtés és világítás 2 az 1-ben megoldásként való használatának lehetőségének köszönhetően kvalifikálta magát erre a díjra.</p>
