{"id":19044,"date":"2024-05-14T01:56:25","date_gmt":"2024-05-13T23:56:25","guid":{"rendered":"https:\/\/kuebler.werbe-sofa.de\/?post_type=awards&#038;p=19044"},"modified":"2024-10-11T09:22:27","modified_gmt":"2024-10-11T07:22:27","slug":"2022-jeloeles-az-eghajlat-es-koernyezetvedelmi-innovacios-dijra-2022-jeloeles","status":"publish","type":"awards","link":"https:\/\/www.kuebler-hallenheizungen.de\/hu\/auszeichnungen\/2022-nominiert-innovationspreis-fuer-klima-und-umwelt-2022-nominiert\/","title":{"rendered":"2022 - A K\u00dcBLER GmbH-t jel\u00f6lt\u00e9k az INNOV\u00c1CI\u00d3D\u00cdJRA AZ \u00c9GH\u00c1Z \u00c9S A K\u00d6RNYEZET\u00c9RT 2022-re"},"content":{"rendered":"<p>A Sz\u00f6vets\u00e9gi Gazdas\u00e1gi \u00e9s \u00c9ghajlatv\u00e9delmi Miniszt\u00e9rium \u00e9vek \u00f3ta az IKU-val - a N\u00e9met Innov\u00e1ci\u00f3s D\u00edj az \u00c9ghajlat- \u00e9s K\u00f6rnyezetv\u00e9delem\u00e9rt d\u00edjjal - d\u00edjazza az ipar \u00e9s a kutat\u00e1s \u00e9ghajlat- \u00e9s k\u00f6rnyezetv\u00e9delem ir\u00e1nti elk\u00f6telezetts\u00e9g\u00e9t. A ludwigshafeni K\u00dcBLER Hallenheizungen a 21 jel\u00f6lt egyike a HeizWerk b\u00e9rleti modellj\u00e9vel. A nagy el\u0151ny a felhaszn\u00e1l\u00f3 sz\u00e1m\u00e1ra: nincsenek beruh\u00e1z\u00e1si k\u00f6lts\u00e9gek, nincsenek amortiz\u00e1ci\u00f3s k\u00f6lts\u00e9gek \u00e9s nincs jelent\u0151s szem\u00e9lyi vagy id\u0151beli r\u00e1ford\u00edt\u00e1s. Ez lehet\u0151v\u00e9 teszi az energiahat\u00e9kony fel\u00faj\u00edt\u00e1st ott is, ahol a k\u00f6lts\u00e9gvet\u00e9s sz\u0171k\u00f6s.<\/p>","protected":false},"featured_media":19047,"template":"","awards-year":[364],"class_list":["post-19044","awards","type-awards","status-publish","has-post-thumbnail","hentry","awards-year-364"],"acf":[],"_links":{"self":[{"href":"https:\/\/www.kuebler-hallenheizungen.de\/hu\/wp-json\/wp\/v2\/awards\/19044","targetHints":{"allow":["GET"]}}],"collection":[{"href":"https:\/\/www.kuebler-hallenheizungen.de\/hu\/wp-json\/wp\/v2\/awards"}],"about":[{"href":"https:\/\/www.kuebler-hallenheizungen.de\/hu\/wp-json\/wp\/v2\/types\/awards"}],"wp:featuredmedia":[{"embeddable":true,"href":"https:\/\/www.kuebler-hallenheizungen.de\/hu\/wp-json\/wp\/v2\/media\/19047"}],"wp:attachment":[{"href":"https:\/\/www.kuebler-hallenheizungen.de\/hu\/wp-json\/wp\/v2\/media?parent=19044"}],"wp:term":[{"taxonomy":"awards-year","embeddable":true,"href":"https:\/\/www.kuebler-hallenheizungen.de\/hu\/wp-json\/wp\/v2\/awards-year?post=19044"}],"curies":[{"name":"wp","href":"https:\/\/api.w.org\/{rel}","templated":true}]}}

2022 - A KÜBLER GmbH-t jelölték az INNOVÁCIÓDÍJRA AZ ÉGHÁZ ÉS A KÖRNYEZETÉRT 2022-re

<p>A Szövetségi Gazdasági és Éghajlatvédelmi Minisztérium évek óta az IKU-val - a Német Innovációs Díj az Éghajlat- és Környezetvédelemért díjjal - díjazza az ipar és a kutatás éghajlat- és környezetvédelem iránti elkötelezettségét. A ludwigshafeni KÜBLER Hallenheizungen a 21 jelölt egyike a HeizWerk bérleti modelljével. A nagy előny a felhasználó számára: nincsenek beruházási költségek, nincsenek amortizációs költségek és nincs jelentős személyi vagy időbeli ráfordítás. Ez lehetővé teszi az energiahatékony felújítást ott is, ahol a költségvetés szűkös.</p>
