{"id":19064,"date":"2024-05-14T02:16:37","date_gmt":"2024-05-14T00:16:37","guid":{"rendered":"https:\/\/kuebler.werbe-sofa.de\/?post_type=awards&#038;p=19064"},"modified":"2024-10-11T08:31:38","modified_gmt":"2024-10-11T06:31:38","slug":"2020-perpetuum-energiahatekonysagi-dij","status":"publish","type":"awards","link":"https:\/\/www.kuebler-hallenheizungen.de\/hu\/auszeichnungen\/2020-perpetuum-energieeffizienzpreis\/","title":{"rendered":"2020 - \u00d6R\u00d6K\u00d6S ENERGIAHAT\u00c9KONYS\u00c1GI D\u00cdJ"},"content":{"rendered":"<p>A DENEFF 2020. november 24-\u00e9n Berlinben megrendezett \u00e9ves konferenci\u00e1j\u00e1n a K\u00dcBLER Hallenheizungen megkapta a Perpetuum energiahat\u00e9konys\u00e1gi d\u00edjat a Heat 4.0 digit\u00e1lis, b\u00e9relhet\u0151 csarnokf\u0171t\u00e9si rendszer\u00e9rt. Az ok? Az energiatakar\u00e9koss\u00e1g a legt\u00f6bb v\u00e1llalat sz\u00e1m\u00e1ra nem vonz\u00f3, mivel a beruh\u00e1z\u00e1si k\u00f6lts\u00e9gek kezdetben negat\u00edvan hatnak az \u00fczemi eredm\u00e9nyre. A W\u00c4RME 4.0-val a f\u0171t\u00e9si rendszert nem kell megv\u00e1s\u00e1rolni vagy amortiz\u00e1lni, \u00e9s 5 szabadalommal alkotja a K\u00dcBLER teljesen digitaliz\u00e1lt \u00e9s h\u00e1l\u00f3zatba kapcsolt f\u0171t\u00e9si rendszer\u00e9t.<\/p>","protected":false},"featured_media":19068,"template":"","awards-year":[362],"class_list":["post-19064","awards","type-awards","status-publish","has-post-thumbnail","hentry","awards-year-362"],"acf":[],"_links":{"self":[{"href":"https:\/\/www.kuebler-hallenheizungen.de\/hu\/wp-json\/wp\/v2\/awards\/19064","targetHints":{"allow":["GET"]}}],"collection":[{"href":"https:\/\/www.kuebler-hallenheizungen.de\/hu\/wp-json\/wp\/v2\/awards"}],"about":[{"href":"https:\/\/www.kuebler-hallenheizungen.de\/hu\/wp-json\/wp\/v2\/types\/awards"}],"wp:featuredmedia":[{"embeddable":true,"href":"https:\/\/www.kuebler-hallenheizungen.de\/hu\/wp-json\/wp\/v2\/media\/19068"}],"wp:attachment":[{"href":"https:\/\/www.kuebler-hallenheizungen.de\/hu\/wp-json\/wp\/v2\/media?parent=19064"}],"wp:term":[{"taxonomy":"awards-year","embeddable":true,"href":"https:\/\/www.kuebler-hallenheizungen.de\/hu\/wp-json\/wp\/v2\/awards-year?post=19064"}],"curies":[{"name":"wp","href":"https:\/\/api.w.org\/{rel}","templated":true}]}}

2020 - ÖRÖKÖS ENERGIAHATÉKONYSÁGI DÍJ

<p>A DENEFF 2020. november 24-én Berlinben megrendezett éves konferenciáján a KÜBLER Hallenheizungen megkapta a Perpetuum energiahatékonysági díjat a Heat 4.0 digitális, bérelhető csarnokfűtési rendszerért. Az ok? Az energiatakarékosság a legtöbb vállalat számára nem vonzó, mivel a beruházási költségek kezdetben negatívan hatnak az üzemi eredményre. A WÄRME 4.0-val a fűtési rendszert nem kell megvásárolni vagy amortizálni, és 5 szabadalommal alkotja a KÜBLER teljesen digitalizált és hálózatba kapcsolt fűtési rendszerét.</p>
