{"id":28499,"date":"2024-10-22T20:24:22","date_gmt":"2024-10-22T18:24:22","guid":{"rendered":"https:\/\/www.kuebler-hallenheizungen.de\/?post_type=awards&#038;p=28499"},"modified":"2024-12-02T10:17:03","modified_gmt":"2024-12-02T09:17:03","slug":"2024_koezepvallalati-dij","status":"publish","type":"awards","link":"https:\/\/www.kuebler-hallenheizungen.de\/hu\/auszeichnungen\/2024_mittelstandspreis\/","title":{"rendered":"Premier d\u00f6nt\u0151s | Kis- \u00e9s k\u00f6z\u00e9pv\u00e1llalkoz\u00e1sok nagyd\u00edja"},"content":{"rendered":"<p>A K\u00dcBLER a \"Gro\u00dfer Preis des Mittelstandes\" els\u0151 d\u00f6nt\u0151se! A 100. g\u00e1l\u00e1n \u00e9s a verseny 30. \u00e9vfordul\u00f3j\u00e1n az innov\u00e1ci\u00f3\u00e9rt, a fenntarthat\u00f3s\u00e1g\u00e9rt \u00e9s a felel\u0151ss\u00e9gv\u00e1llal\u00e1s\u00e9rt kaptunk elismer\u00e9st. Az orsz\u00e1gszerte nevezett 4600 v\u00e1llalat k\u00f6z\u00fcl az \u00f6t d\u00edjazott egyike vagyunk. A D\u00fcsseldorfban megrendezett \u00fcnnepi g\u00e1la k\u00f6zel 400 vend\u00e9ggel honor\u00e1lta elk\u00f6telezetts\u00e9g\u00fcnket. K\u00f6sz\u00f6net az Oskar Patzelt Alap\u00edtv\u00e1nynak \u00e9s a versenyt t\u00e1mogat\u00f3 zs\u0171ritagoknak. B\u00fcszk\u00e9k vagyunk arra, hogy a munkahelyeket teremt\u0151 \u00e9s a j\u00f6v\u0151t nap mint nap alak\u00edt\u00f3 k\u00f6z\u00e9pv\u00e1llalkoz\u00e1sok e k\u00f6z\u00f6ss\u00e9g\u00e9nek tagjai lehet\u00fcnk.<\/p>","protected":false},"featured_media":28503,"template":"","awards-year":[366],"class_list":["post-28499","awards","type-awards","status-publish","has-post-thumbnail","hentry","awards-year-366"],"acf":[],"_links":{"self":[{"href":"https:\/\/www.kuebler-hallenheizungen.de\/hu\/wp-json\/wp\/v2\/awards\/28499","targetHints":{"allow":["GET"]}}],"collection":[{"href":"https:\/\/www.kuebler-hallenheizungen.de\/hu\/wp-json\/wp\/v2\/awards"}],"about":[{"href":"https:\/\/www.kuebler-hallenheizungen.de\/hu\/wp-json\/wp\/v2\/types\/awards"}],"wp:featuredmedia":[{"embeddable":true,"href":"https:\/\/www.kuebler-hallenheizungen.de\/hu\/wp-json\/wp\/v2\/media\/28503"}],"wp:attachment":[{"href":"https:\/\/www.kuebler-hallenheizungen.de\/hu\/wp-json\/wp\/v2\/media?parent=28499"}],"wp:term":[{"taxonomy":"awards-year","embeddable":true,"href":"https:\/\/www.kuebler-hallenheizungen.de\/hu\/wp-json\/wp\/v2\/awards-year?post=28499"}],"curies":[{"name":"wp","href":"https:\/\/api.w.org\/{rel}","templated":true}]}}

Premier döntős | Kis- és középvállalkozások nagydíja

<p>A KÜBLER a "Großer Preis des Mittelstandes" első döntőse! A 100. gálán és a verseny 30. évfordulóján az innovációért, a fenntarthatóságért és a felelősségvállalásért kaptunk elismerést. Az országszerte nevezett 4600 vállalat közül az öt díjazott egyike vagyunk. A Düsseldorfban megrendezett ünnepi gála közel 400 vendéggel honorálta elkötelezettségünket. Köszönet az Oskar Patzelt Alapítványnak és a versenyt támogató zsűritagoknak. Büszkék vagyunk arra, hogy a munkahelyeket teremtő és a jövőt nap mint nap alakító középvállalkozások e közösségének tagjai lehetünk.</p>
