{"id":27817,"date":"2024-07-12T13:54:16","date_gmt":"2024-07-12T11:54:16","guid":{"rendered":"https:\/\/www.kuebler-hallenheizungen.de\/?post_type=event&#038;p=27817"},"modified":"2024-09-11T12:54:23","modified_gmt":"2024-09-11T10:54:23","slug":"eves-konferencia-az-ipar-dekarbonizacioja-%e2%80%92-es-az-ipari-futesi-rendszerek-hozzajarulasa-ehhez","status":"publish","type":"event","link":"https:\/\/www.kuebler-hallenheizungen.de\/hu\/event\/jahreskonferenz-dekarbonisierung-der-industrie-%e2%80%92-und-was-hallenheizungen-dazu-beitragen\/","title":{"rendered":"Handelsblatt \u00e9ves konferenci\u00e1ja \"Az ipar sz\u00e9n-dioxid-mentess\u00e9 t\u00e9tele\" - \u00e9s hogy a csarnokok f\u0171t\u00e9si rendszerei hogyan j\u00e1rulnak hozz\u00e1 ehhez"},"content":{"rendered":"<p>Ez korunk egyik kiemelked\u0151 feladata: az ipari \u00e9s kereskedelmi v\u00e1llalatok sz\u00e9n-dioxid-mentess\u00e9 t\u00e9tele. De hogyan tudnak a v\u00e1llalatok megbirk\u00f3zni az \u00e9ghajlati c\u00e9lok \u00e9s az egyre szigor\u00fabb szab\u00e1lyoz\u00e1si k\u00f6vetelm\u00e9nyek \u00e1ltal t\u00e1masztott hatalmas kih\u00edv\u00e1sokkal?<\/p>\n<p>A Handelsblatt \"Az ipar sz\u00e9n-dioxid-mentess\u00e9 t\u00e9tele\" c\u00edm\u0171 \u00e9ves konferenci\u00e1ja szeptember 12-13-\u00e1n D\u00fcsseldorfban vil\u00e1g\u00edt r\u00e1 erre a k\u00e9rd\u00e9sre. Olyan v\u00e1laszok sz\u00fcletnek majd, amelyek biztosan meglep\u0151ek lesznek. P\u00e9ld\u00e1ul, hogy milyen hatalmas potenci\u00e1l rejlik az ipari \u00e9p\u00fcletek technikailag \u00e9s gazdas\u00e1gilag megval\u00f3s\u00edthat\u00f3 f\u0171t\u00e9s\u00e9ben.<\/p>\n<p>\u00c9rdekes az \u00f6n sz\u00e1m\u00e1ra? Kattintson ide tov\u00e1bbi inform\u00e1ci\u00f3k\u00e9rt \u00e9s regisztr\u00e1ci\u00f3\u00e9rt: <a href=\"https:\/\/live.handelsblatt.com\/event\/dekarbonisierung-der-industrie\/partner\/\">Partner - Az ipar sz\u00e9n-dioxid-mentess\u00e9 t\u00e9tele 2024 - Handelsblatt Live<\/a><\/p>\n<p>\"Nincs energia\u00e1t\u00e1ll\u00e1s gazdas\u00e1gpolitika n\u00e9lk\u00fcl!\" Ezt az izgalmas cikket a Handelsblatt Live c\u00edm\u0171 lapban olvashatja: <a href=\"https:\/\/live.handelsblatt.com\/keine-energiewende-ohne-wirtschaftspolitikwende\/\" target=\"_blank\" rel=\"noopener\">Nincs energiafordulat gazdas\u00e1gi fordulat n\u00e9lk\u00fcl! - Handelsblatt Live<\/a><\/p>\n<p>&nbsp;<\/p>","protected":false},"excerpt":{"rendered":"<p>Ez korunk egyik kiemelked\u0151 feladata: az ipari \u00e9s kereskedelmi v\u00e1llalatok sz\u00e9n-dioxid-mentess\u00e9 t\u00e9tele. De hogyan tudnak a v\u00e1llalatok megbirk\u00f3zni az \u00e9ghajlati c\u00e9lok \u00e9s az egyre szigor\u00fabb szab\u00e1lyoz\u00e1si k\u00f6vetelm\u00e9nyek \u00e1ltal t\u00e1masztott hatalmas kih\u00edv\u00e1sokkal?<\/p>","protected":false},"featured_media":19531,"template":"","event-type":[446],"class_list":["post-27817","event","type-event","status-publish","has-post-thumbnail","hentry","event-type-veranstaltung"],"acf":[],"_links":{"self":[{"href":"https:\/\/www.kuebler-hallenheizungen.de\/hu\/wp-json\/wp\/v2\/event\/27817","targetHints":{"allow":["GET"]}}],"collection":[{"href":"https:\/\/www.kuebler-hallenheizungen.de\/hu\/wp-json\/wp\/v2\/event"}],"about":[{"href":"https:\/\/www.kuebler-hallenheizungen.de\/hu\/wp-json\/wp\/v2\/types\/event"}],"wp:featuredmedia":[{"embeddable":true,"href":"https:\/\/www.kuebler-hallenheizungen.de\/hu\/wp-json\/wp\/v2\/media\/19531"}],"wp:attachment":[{"href":"https:\/\/www.kuebler-hallenheizungen.de\/hu\/wp-json\/wp\/v2\/media?parent=27817"}],"wp:term":[{"taxonomy":"event-type","embeddable":true,"href":"https:\/\/www.kuebler-hallenheizungen.de\/hu\/wp-json\/wp\/v2\/event-type?post=27817"}],"curies":[{"name":"wp","href":"https:\/\/api.w.org\/{rel}","templated":true}]}}

Handelsblatt éves konferenciája "Az ipar szén-dioxid-mentessé tétele" - és hogy a csarnokok fűtési rendszerei hogyan járulnak hozzá ehhez

<p>Ez korunk egyik kiemelkedő feladata: az ipari és kereskedelmi vállalatok szén-dioxid-mentessé tétele. De hogyan tudnak a vállalatok megbirkózni az éghajlati célok és az egyre szigorúbb szabályozási követelmények által támasztott hatalmas kihívásokkal?</p>
<p>A Handelsblatt "Az ipar szén-dioxid-mentessé tétele" című éves konferenciája szeptember 12-13-án Düsseldorfban világít rá erre a kérdésre. Olyan válaszok születnek majd, amelyek biztosan meglepőek lesznek. Például, hogy milyen hatalmas potenciál rejlik az ipari épületek technikailag és gazdaságilag megvalósítható fűtésében.</p>
<p>Érdekes az ön számára? Kattintson ide további információkért és regisztrációért: <a href="https://live.handelsblatt.com/event/dekarbonisierung-der-industrie/partner/">Partner - Az ipar szén-dioxid-mentessé tétele 2024 - Handelsblatt Live</a></p>
<p>"Nincs energiaátállás gazdaságpolitika nélkül!" Ezt az izgalmas cikket a Handelsblatt Live című lapban olvashatja: <a href="https://live.handelsblatt.com/keine-energiewende-ohne-wirtschaftspolitikwende/" target="_blank" rel="noopener">Nincs energiafordulat gazdasági fordulat nélkül! - Handelsblatt Live</a></p>
<p>&nbsp;</p>

<p>Ez korunk egyik kiemelkedő feladata: az ipari és kereskedelmi vállalatok szén-dioxid-mentessé tétele. De hogyan tudnak a vállalatok megbirkózni az éghajlati célok és az egyre szigorúbb szabályozási követelmények által támasztott hatalmas kihívásokkal?</p>
