{"id":28244,"date":"2024-09-11T12:27:44","date_gmt":"2024-09-11T10:27:44","guid":{"rendered":"https:\/\/www.kuebler-hallenheizungen.de\/?post_type=event&#038;p=28244"},"modified":"2024-09-18T12:40:33","modified_gmt":"2024-09-18T10:40:33","slug":"stand-stuttgartban","status":"publish","type":"event","link":"https:\/\/www.kuebler-hallenheizungen.de\/hu\/event\/in-stand-stuttgart\/","title":{"rendered":"IN.STAND Stuttgart 2024. okt\u00f3ber 08-09."},"content":{"rendered":"<p>Legyen vel\u00fcnk egy\u00fctt energiafelhaszn\u00e1l\u00f3 a stuttgarti IN.STAND-on, a karbantart\u00e1si \u00e9s szolg\u00e1ltat\u00e1si szakv\u00e1s\u00e1ron.<br \/>\n<H\u2082>L\u00e1togasson el hozz\u00e1nk a 9-es csarnokban | 9C30.3 standon<\/H\u2082><br \/>\n&nbsp;<\/p>\n<p>V\u00e1rjuk l\u00e1togat\u00e1s\u00e1t!<\/p>","protected":false},"excerpt":{"rendered":"<p>Fedezze fel az innovat\u00edv csarnokf\u0171t\u00e9si megold\u00e1sokat a karbantart\u00e1si \u00e9s szolg\u00e1ltat\u00e1si szakv\u00e1s\u00e1ron<\/p>","protected":false},"featured_media":28247,"template":"","event-type":[460],"class_list":["post-28244","event","type-event","status-publish","has-post-thumbnail","hentry","event-type-messe"],"acf":[],"_links":{"self":[{"href":"https:\/\/www.kuebler-hallenheizungen.de\/hu\/wp-json\/wp\/v2\/event\/28244","targetHints":{"allow":["GET"]}}],"collection":[{"href":"https:\/\/www.kuebler-hallenheizungen.de\/hu\/wp-json\/wp\/v2\/event"}],"about":[{"href":"https:\/\/www.kuebler-hallenheizungen.de\/hu\/wp-json\/wp\/v2\/types\/event"}],"wp:featuredmedia":[{"embeddable":true,"href":"https:\/\/www.kuebler-hallenheizungen.de\/hu\/wp-json\/wp\/v2\/media\/28247"}],"wp:attachment":[{"href":"https:\/\/www.kuebler-hallenheizungen.de\/hu\/wp-json\/wp\/v2\/media?parent=28244"}],"wp:term":[{"taxonomy":"event-type","embeddable":true,"href":"https:\/\/www.kuebler-hallenheizungen.de\/hu\/wp-json\/wp\/v2\/event-type?post=28244"}],"curies":[{"name":"wp","href":"https:\/\/api.w.org\/{rel}","templated":true}]}}

IN.STAND Stuttgart 2024. október 08-09.

<p>Legyen velünk együtt energiafelhasználó a stuttgarti IN.STAND-on, a karbantartási és szolgáltatási szakvásáron.<br />
<H₂>Látogasson el hozzánk a 9-es csarnokban | 9C30.3 standon</H₂><br />
&nbsp;</p>
<p>Várjuk látogatását!</p>

<p>Fedezze fel az innovatív csarnokfűtési megoldásokat a karbantartási és szolgáltatási szakvásáron</p>
