{"id":28254,"date":"2024-09-11T13:01:02","date_gmt":"2024-09-11T11:01:02","guid":{"rendered":"https:\/\/www.kuebler-hallenheizungen.de\/?post_type=event&#038;p=28254"},"modified":"2024-09-18T12:40:12","modified_gmt":"2024-09-18T10:40:12","slug":"epites-muenchen-13-17-01-2025","status":"publish","type":"event","link":"https:\/\/www.kuebler-hallenheizungen.de\/hu\/event\/bau-muenchen-13-17-01-2025\/","title":{"rendered":"BAU M\u00fcnchen 2025. janu\u00e1r 13-17."},"content":{"rendered":"<p>Legyen vel\u00fcnk egy\u00fctt energiafelhaszn\u00e1l\u00f3 a m\u00fcncheni BAU-n. A vil\u00e1g vezet\u0151 \u00e9p\u00edt\u00e9szeti, anyag- \u00e9s rendszeripari szakv\u00e1s\u00e1r\u00e1n.<br \/>\n<H\u2082>L\u00e1togasson el hozz\u00e1nk\u00a0<strong>B2 csarnok | 537-es stand<\/strong><\/H\u2082><br \/>\n&nbsp;<\/p>\n<p>V\u00e1rjuk l\u00e1togat\u00e1s\u00e1t!<\/p>","protected":false},"excerpt":{"rendered":"<p>L\u00e1togasson el a K\u00dcBLER-hez a m\u00fcncheni BAU ki\u00e1ll\u00edt\u00e1son, \u00e9s fedezze fel \u00fatt\u00f6r\u0151 csarnokf\u0171t\u00e9si rendszereinket! <\/p>","protected":false},"featured_media":28258,"template":"","event-type":[460],"class_list":["post-28254","event","type-event","status-publish","has-post-thumbnail","hentry","event-type-messe"],"acf":[],"_links":{"self":[{"href":"https:\/\/www.kuebler-hallenheizungen.de\/hu\/wp-json\/wp\/v2\/event\/28254","targetHints":{"allow":["GET"]}}],"collection":[{"href":"https:\/\/www.kuebler-hallenheizungen.de\/hu\/wp-json\/wp\/v2\/event"}],"about":[{"href":"https:\/\/www.kuebler-hallenheizungen.de\/hu\/wp-json\/wp\/v2\/types\/event"}],"wp:featuredmedia":[{"embeddable":true,"href":"https:\/\/www.kuebler-hallenheizungen.de\/hu\/wp-json\/wp\/v2\/media\/28258"}],"wp:attachment":[{"href":"https:\/\/www.kuebler-hallenheizungen.de\/hu\/wp-json\/wp\/v2\/media?parent=28254"}],"wp:term":[{"taxonomy":"event-type","embeddable":true,"href":"https:\/\/www.kuebler-hallenheizungen.de\/hu\/wp-json\/wp\/v2\/event-type?post=28254"}],"curies":[{"name":"wp","href":"https:\/\/api.w.org\/{rel}","templated":true}]}}

BAU München 2025. január 13-17.

<p>Legyen velünk együtt energiafelhasználó a müncheni BAU-n. A világ vezető építészeti, anyag- és rendszeripari szakvásárán.<br />
<H₂>Látogasson el hozzánk <strong>B2 csarnok | 537-es stand</strong></H₂><br />
&nbsp;</p>
<p>Várjuk látogatását!</p>

<p>Látogasson el a KÜBLER-hez a müncheni BAU kiállításon, és fedezze fel úttörő csarnokfűtési rendszereinket! </p>
