{"id":30882,"date":"2025-07-28T12:38:29","date_gmt":"2025-07-28T10:38:29","guid":{"rendered":"https:\/\/www.kuebler-hallenheizungen.de\/?post_type=event&#038;p=30882"},"modified":"2025-10-06T11:33:30","modified_gmt":"2025-10-06T09:33:30","slug":"eu-ets-co2-arazas-07-10-2025","status":"publish","type":"event","link":"https:\/\/www.kuebler-hallenheizungen.de\/hu\/event\/eu-ets-co2-bepreisung-07-10-2025\/","title":{"rendered":"EU ETS &amp; CO\u2082 \u00c1RAK - Hogyan hat\u00e1stalan\u00edtsuk a k\u00f6lts\u00e9gbomb\u00e1t 07.10.2025"},"content":{"rendered":"<p>Ezen az internetes szemin\u00e1riumon betekint\u00e9st nyerhet azokba az \u00faj kih\u00edv\u00e1sokba, amelyek a mag\u00e1nszektort, s\u0151t, szinte az \u00f6sszes v\u00e1llalkoz\u00e1st \u00e9rintik az EU-ban. Megtudhatja, hogy milyen intelligens energia- \u00e9s h\u0151strat\u00e9gi\u00e1kkal tud megbirk\u00f3zni a kih\u00edv\u00e1sokkal, \u00e9s azokat nyeres\u00e9gre ford\u00edthatja a v\u00e1llalat sz\u00e1m\u00e1ra. A  oldalon.<\/p>\n<ul>\n<li>Jochen Sch\u00e4fer, befektet\u00e9si igazgat\u00f3, Cube Concepts<\/li>\n<li>Kai-Uwe Gr\u00fctter, a K\u00dcBLER al\u00e1\u00edr\u00e1si meghatalmazottja<\/li>\n<\/ul>\n<p>k\u00e9t elismert szak\u00e9rt\u0151 fogja v\u00e9gigvezetni \u00d6nt ezen a webes szemin\u00e1riumon. Tegye fel k\u00e9rd\u00e9seit, kapcsol\u00f3djon be a vit\u00e1ba, \u00e9s \u00e9lvezze az \u00e9rt\u00e9kes tippeket \u00e9s tan\u00e1csokat, hogy hogyan tudja pragmatikusan \u00e9s gazdas\u00e1gosan hat\u00e1stalan\u00edtani a k\u00f6lts\u00e9gbomb\u00e1t a v\u00e1llalata sz\u00e1m\u00e1ra.<\/p>\n<p>&nbsp;<\/p>\n<p><strong>A webes szemin\u00e1rium online, a Microsoft Teams seg\u00edts\u00e9g\u00e9vel ker\u00fcl megrendez\u00e9sre. V\u00e1rjuk a r\u00e9szv\u00e9telt!<\/strong><\/p>\n<p><strong>EU-ETS \u00e9s CO\u2082-\u00c1RAZ\u00c1S \u2013 Hogyan lehet hat\u00e1stalan\u00edtani a k\u00f6lts\u00e9gbomb\u00e1t? <\/strong><\/p>\n<p>Kedd, 07.10.2025 | 11:00 - 12:00 \u00f3ra.<\/p>\n<p>&nbsp;<\/p>\n<p>Felh\u00edvjuk figyelm\u00e9t, hogy a regisztr\u00e1ci\u00f3kat csak az esem\u00e9ny kezdete el\u0151tt 2 \u00f3r\u00e1val tudjuk feldolgozni.<\/p>\n<p>&nbsp;<\/p>","protected":false},"excerpt":{"rendered":"<p>Ez a szemin\u00e1rium betekint\u00e9st ny\u00fajt abba, hogy mely krit\u00e9riumokat lehet gyorsan, egyszer\u0171en \u00e9s k\u00f6lts\u00e9ghat\u00e9konyan megval\u00f3s\u00edtani, \u00e9s k\u00fcl\u00f6n kiemeli, hogy a csarnokf\u0171t\u00e9si rendszerek milyen nagy lehet\u0151s\u00e9geket rejtenek a fenntarthat\u00f3 v\u00e1llalati fejl\u0151d\u00e9s \u00e9s a pozit\u00edv min\u0151s\u00edt\u00e9s szempontj\u00e1b\u00f3l.<\/p>","protected":false},"featured_media":30446,"template":"","event-type":[459],"class_list":["post-30882","event","type-event","status-publish","has-post-thumbnail","hentry","event-type-seminar"],"acf":[],"_links":{"self":[{"href":"https:\/\/www.kuebler-hallenheizungen.de\/hu\/wp-json\/wp\/v2\/event\/30882","targetHints":{"allow":["GET"]}}],"collection":[{"href":"https:\/\/www.kuebler-hallenheizungen.de\/hu\/wp-json\/wp\/v2\/event"}],"about":[{"href":"https:\/\/www.kuebler-hallenheizungen.de\/hu\/wp-json\/wp\/v2\/types\/event"}],"wp:featuredmedia":[{"embeddable":true,"href":"https:\/\/www.kuebler-hallenheizungen.de\/hu\/wp-json\/wp\/v2\/media\/30446"}],"wp:attachment":[{"href":"https:\/\/www.kuebler-hallenheizungen.de\/hu\/wp-json\/wp\/v2\/media?parent=30882"}],"wp:term":[{"taxonomy":"event-type","embeddable":true,"href":"https:\/\/www.kuebler-hallenheizungen.de\/hu\/wp-json\/wp\/v2\/event-type?post=30882"}],"curies":[{"name":"wp","href":"https:\/\/api.w.org\/{rel}","templated":true}]}}

EU ETS &amp; CO₂ ÁRAK - Hogyan hatástalanítsuk a költségbombát 07.10.2025

<p>Ezen az internetes szemináriumon betekintést nyerhet azokba az új kihívásokba, amelyek a magánszektort, sőt, szinte az összes vállalkozást érintik az EU-ban. Megtudhatja, hogy milyen intelligens energia- és hőstratégiákkal tud megbirkózni a kihívásokkal, és azokat nyereségre fordíthatja a vállalat számára. A  oldalon.</p>
<ul>
<li>Jochen Schäfer, befektetési igazgató, Cube Concepts</li>
<li>Kai-Uwe Grütter, a KÜBLER aláírási meghatalmazottja</li>
</ul>
<p>két elismert szakértő fogja végigvezetni Önt ezen a webes szemináriumon. Tegye fel kérdéseit, kapcsolódjon be a vitába, és élvezze az értékes tippeket és tanácsokat, hogy hogyan tudja pragmatikusan és gazdaságosan hatástalanítani a költségbombát a vállalata számára.</p>
<p>&nbsp;</p>
<p><strong>A webes szeminárium online, a Microsoft Teams segítségével kerül megrendezésre. Várjuk a részvételt!</strong></p>
<p><strong>EU-ETS és CO₂-ÁRAZÁS – Hogyan lehet hatástalanítani a költségbombát? </strong></p>
<p>Kedd, 07.10.2025 | 11:00 - 12:00 óra.</p>
<p>&nbsp;</p>
<p>Felhívjuk figyelmét, hogy a regisztrációkat csak az esemény kezdete előtt 2 órával tudjuk feldolgozni.</p>
<p>&nbsp;</p>

<p>Ez a szeminárium betekintést nyújt abba, hogy mely kritériumokat lehet gyorsan, egyszerűen és költséghatékonyan megvalósítani, és külön kiemeli, hogy a csarnokfűtési rendszerek milyen nagy lehetőségeket rejtenek a fenntartható vállalati fejlődés és a pozitív minősítés szempontjából.</p>
