{"id":45311,"date":"2025-11-26T10:17:22","date_gmt":"2025-11-26T09:17:22","guid":{"rendered":"https:\/\/www.kuebler-hallenheizungen.de\/?post_type=event&#038;p=45311"},"modified":"2026-01-23T07:57:47","modified_gmt":"2026-01-23T06:57:47","slug":"g-szeminarium-23-01-2026","status":"publish","type":"event","link":"https:\/\/www.kuebler-hallenheizungen.de\/hu\/event\/geg-seminar-23-01-2026\/","title":{"rendered":"GEG \u2013 \u201eNe f\u00e9ljen a f\u0171t\u00e9si t\u00f6rv\u00e9nyt\u0151l! Gazdas\u00e1gos \u00e9s GEG-nek megfelel\u0151 f\u0171t\u00e9s a csarnokokban\u201c 2026.01.23."},"content":{"rendered":"<p><strong>SZEMIN\u00c1RIUM TELJESEN BETELT! Sajnos t\u00f6bb regisztr\u00e1ci\u00f3ra nincs lehet\u0151s\u00e9g!<\/strong><\/p>\n<p>&nbsp;<\/p>\n<p>A f\u0171t\u00e9si t\u00f6rv\u00e9ny (\u00e9p\u00fcletenergetikai t\u00f6rv\u00e9ny - GEG) mellett m\u00e1r j\u00f3 ideje d\u00f6nt\u00e9s sz\u00fcletett, de a k\u00e9rd\u00e9sek \u00e9s bizonytalans\u00e1gok tov\u00e1bbra is fenn\u00e1llnak. Aggodalomra azonban nincs ok:<\/p>\n<p>A csarnokf\u0171t\u00e9si szak\u00e9rt\u0151ink, Kai-Uwe Gr\u00fctter \u00e9s Dr. Jens Findeisen a m\u00e1r j\u00f3l bev\u00e1lt online szemin\u00e1riumunkon megvil\u00e1g\u00edtj\u00e1k, hogy mit kell tudni a kereskedelmi \u00e9s ipari csarnokok f\u0171t\u00e9s\u00e9r\u0151l.<\/p>\n<p>A legut\u00f3bbi szemin\u00e1rium nagysz\u00e1m\u00fa r\u00e9sztvev\u0151je miatt \u00fagy d\u00f6nt\u00f6tt\u00fcnk, hogy \u00fajabb id\u0151pontot szervez\u00fcnk. Jelentkezzen gyorsan, a r\u00e9sztvev\u0151k sz\u00e1ma korl\u00e1tozott.<\/p>\n<p>&nbsp;<\/p>\n<p>23.01.2026 | 11-12 \u00f3ra | Microsoft Teams<\/p>\n<p><strong>\"Ne f\u00e9ljetek a f\u0171t\u00e9si t\u00f6rv\u00e9nyt\u0151l! GEG-konform ipari csarnokok f\u0171t\u00e9se\"<\/strong><\/p>\n<p>&nbsp;<\/p>\n<h4>\"Egy igaz\u00e1n nagyszer\u0171 ve<span class=\"ac-designer-copy\">esem\u00e9ny! V\u00e1ltozatos \u00e9s sz\u00f3rakoztat\u00f3 a 2 f\u0151s el\u0151ad\u00e1snak k\u00f6sz\u00f6nhet\u0151en, sz\u00e9p di\u00e1k, hozz\u00e1\u00e9rt\u0151 el\u0151ad\u00e1s \u00e9s hozz\u00e1\u00e9rt\u0151 moder\u00e1l\u00e1s.\"<\/span><\/h4>\n<h4>\"Egy minden szempontb\u00f3l sikeres rendezv\u00e9ny, csak \u00edgy tov\u00e1bb!\"<\/h4>\n<h4>\"Nagyon sikeres rendezv\u00e9ny. K\u00f6sz\u00f6nj\u00fck sz\u00e9pen!\"<\/h4>\n<h4>\"Kiv\u00e1l\u00f3an el\u0151k\u00e9sz\u00edtett volt, \u00e9s a k\u00e9t \u00fariember nagyon sz\u00f3rakoztat\u00f3an adta \u00e1t az anyagot. K\u00f6sz\u00f6nj\u00fck ezt.\"<\/h4>","protected":false},"excerpt":{"rendered":"<p>A f\u0171t\u00e9si t\u00f6rv\u00e9ny (\u00e9p\u00fcletenergetikai t\u00f6rv\u00e9ny - GEG) mellett m\u00e1r j\u00f3 ideje d\u00f6nt\u00e9s sz\u00fcletett, de a k\u00e9rd\u00e9sek \u00e9s bizonytalans\u00e1gok tov\u00e1bbra is fenn\u00e1llnak. Aggodalomra azonban nincs ok:<\/p>\n<p>A csarnokf\u0171t\u00e9si szak\u00e9rt\u0151ink, Kai-Uwe Gr\u00fctter \u00e9s Dr. Jens Findeisen a m\u00e1r j\u00f3l bev\u00e1lt online szemin\u00e1riumunkon megvil\u00e1g\u00edtj\u00e1k, hogy mit kell tudni a kereskedelmi \u00e9s ipari csarnokok f\u0171t\u00e9s\u00e9r\u0151l.<\/p>","protected":false},"featured_media":16937,"template":"","event-type":[459],"class_list":["post-45311","event","type-event","status-publish","has-post-thumbnail","hentry","event-type-seminar"],"acf":[],"_links":{"self":[{"href":"https:\/\/www.kuebler-hallenheizungen.de\/hu\/wp-json\/wp\/v2\/event\/45311","targetHints":{"allow":["GET"]}}],"collection":[{"href":"https:\/\/www.kuebler-hallenheizungen.de\/hu\/wp-json\/wp\/v2\/event"}],"about":[{"href":"https:\/\/www.kuebler-hallenheizungen.de\/hu\/wp-json\/wp\/v2\/types\/event"}],"wp:featuredmedia":[{"embeddable":true,"href":"https:\/\/www.kuebler-hallenheizungen.de\/hu\/wp-json\/wp\/v2\/media\/16937"}],"wp:attachment":[{"href":"https:\/\/www.kuebler-hallenheizungen.de\/hu\/wp-json\/wp\/v2\/media?parent=45311"}],"wp:term":[{"taxonomy":"event-type","embeddable":true,"href":"https:\/\/www.kuebler-hallenheizungen.de\/hu\/wp-json\/wp\/v2\/event-type?post=45311"}],"curies":[{"name":"wp","href":"https:\/\/api.w.org\/{rel}","templated":true}]}}

GEG – „Ne féljen a fűtési törvénytől! Gazdaságos és GEG-nek megfelelő fűtés a csarnokokban“ 2026.01.23.

<p><strong>SZEMINÁRIUM TELJESEN BETELT! Sajnos több regisztrációra nincs lehetőség!</strong></p>
<p>&nbsp;</p>
<p>A fűtési törvény (épületenergetikai törvény - GEG) mellett már jó ideje döntés született, de a kérdések és bizonytalanságok továbbra is fennállnak. Aggodalomra azonban nincs ok:</p>
<p>A csarnokfűtési szakértőink, Kai-Uwe Grütter és Dr. Jens Findeisen a már jól bevált online szemináriumunkon megvilágítják, hogy mit kell tudni a kereskedelmi és ipari csarnokok fűtéséről.</p>
<p>A legutóbbi szeminárium nagyszámú résztvevője miatt úgy döntöttünk, hogy újabb időpontot szervezünk. Jelentkezzen gyorsan, a résztvevők száma korlátozott.</p>
<p>&nbsp;</p>
<p>23.01.2026 | 11-12 óra | Microsoft Teams</p>
<p><strong>"Ne féljetek a fűtési törvénytől! GEG-konform ipari csarnokok fűtése"</strong></p>
<p>&nbsp;</p>
<h4>"Egy igazán nagyszerű ve<span class="ac-designer-copy">esemény! Változatos és szórakoztató a 2 fős előadásnak köszönhetően, szép diák, hozzáértő előadás és hozzáértő moderálás."</span></h4>
<h4>"Egy minden szempontból sikeres rendezvény, csak így tovább!"</h4>
<h4>"Nagyon sikeres rendezvény. Köszönjük szépen!"</h4>
<h4>"Kiválóan előkészített volt, és a két úriember nagyon szórakoztatóan adta át az anyagot. Köszönjük ezt."</h4>

<p>A fűtési törvény (épületenergetikai törvény - GEG) mellett már jó ideje döntés született, de a kérdések és bizonytalanságok továbbra is fennállnak. Aggodalomra azonban nincs ok:</p>
<p>A csarnokfűtési szakértőink, Kai-Uwe Grütter és Dr. Jens Findeisen a már jól bevált online szemináriumunkon megvilágítják, hogy mit kell tudni a kereskedelmi és ipari csarnokok fűtéséről.</p>
