{"id":347,"date":"2024-02-27T22:38:12","date_gmt":"2024-02-27T21:38:12","guid":{"rendered":"https:\/\/kuebler.werbe-sofa.de\/?page_id=347"},"modified":"2026-02-20T11:12:09","modified_gmt":"2026-02-20T10:12:09","slug":"kuebler-mint-munkaltato","status":"publish","type":"page","link":"https:\/\/www.kuebler-hallenheizungen.de\/hu\/kuebler-als-arbeitgeber\/","title":{"rendered":"A K\u00dcBLER mint munk\u00e1ltat\u00f3"},"content":{"rendered":"","protected":false},"excerpt":{"rendered":"","protected":false},"author":1,"featured_media":18292,"parent":0,"menu_order":0,"comment_status":"closed","ping_status":"closed","template":"","meta":{"_acf_changed":false,"_seopress_robots_primary_cat":"","_seopress_titles_title":"K\u00dcBLER als Arbeitgeber - K\u00dcBLER GmbH","_seopress_titles_desc":"Jetzt finden Sie Ihren Job bei K\u00dcBLER \u2713 famili\u00e4re Unternehmenskultur \u2713 strukturierte Einarbeitung \u2713 Weiterbildungsm\u00f6glichkeiten \u27a4 jetzt hier mehr erfahren!","_seopress_robots_index":"","footnotes":""},"class_list":["post-347","page","type-page","status-publish","has-post-thumbnail","hentry"],"acf":[],"_links":{"self":[{"href":"https:\/\/www.kuebler-hallenheizungen.de\/hu\/wp-json\/wp\/v2\/pages\/347","targetHints":{"allow":["GET"]}}],"collection":[{"href":"https:\/\/www.kuebler-hallenheizungen.de\/hu\/wp-json\/wp\/v2\/pages"}],"about":[{"href":"https:\/\/www.kuebler-hallenheizungen.de\/hu\/wp-json\/wp\/v2\/types\/page"}],"author":[{"embeddable":true,"href":"https:\/\/www.kuebler-hallenheizungen.de\/hu\/wp-json\/wp\/v2\/users\/1"}],"replies":[{"embeddable":true,"href":"https:\/\/www.kuebler-hallenheizungen.de\/hu\/wp-json\/wp\/v2\/comments?post=347"}],"version-history":[{"count":1,"href":"https:\/\/www.kuebler-hallenheizungen.de\/hu\/wp-json\/wp\/v2\/pages\/347\/revisions"}],"predecessor-version":[{"id":110395,"href":"https:\/\/www.kuebler-hallenheizungen.de\/hu\/wp-json\/wp\/v2\/pages\/347\/revisions\/110395"}],"wp:featuredmedia":[{"embeddable":true,"href":"https:\/\/www.kuebler-hallenheizungen.de\/hu\/wp-json\/wp\/v2\/media\/18292"}],"wp:attachment":[{"href":"https:\/\/www.kuebler-hallenheizungen.de\/hu\/wp-json\/wp\/v2\/media?parent=347"}],"curies":[{"name":"wp","href":"https:\/\/api.w.org\/{rel}","templated":true}]}}

A KÜBLER mint munkáltató

KÜBLER als Arbeitgeber - KÜBLER GmbH

Jetzt finden Sie Ihren Job bei KÜBLER ✓ familiäre Unternehmenskultur ✓ strukturierte Einarbeitung ✓ Weiterbildungsmöglichkeiten ➤ jetzt hier mehr erfahren!
