{"id":19028,"date":"2024-05-14T01:50:20","date_gmt":"2024-05-13T23:50:20","guid":{"rendered":"https:\/\/kuebler.werbe-sofa.de\/?post_type=awards&#038;p=19028"},"modified":"2024-10-11T11:08:07","modified_gmt":"2024-10-11T09:08:07","slug":"2023-designpris-fokus-apen","status":"publish","type":"awards","link":"https:\/\/www.kuebler-hallenheizungen.de\/nb\/auszeichnungen\/2023-designpreis-focus-open\/","title":{"rendered":"2023 - FOKUS FOR DESIGNPRISEN \u00c5PEN"},"content":{"rendered":"<p>FUTURA er hedret i kategorien Special Mention p\u00e5 FOCUS OPEN - en verdifull bekreftelse p\u00e5 kvaliteten p\u00e5 denne produktutviklingen i en internasjonal sammenligning. Med denne prisen anerkjenner Design Center Baden-W\u00fcrttemberg et designniv\u00e5 som g\u00e5r utover det etablerte niv\u00e5et. FUTURA kvalifiserte til denne prisen takket v\u00e6re sin energi\u00e5penhet og muligheten for \u00e5 bruke den som en 2-i-1-l\u00f8sning for energi\u00e5pen oppvarming og belysning i hallen.<\/p>","protected":false},"featured_media":19031,"template":"","awards-year":[365],"class_list":["post-19028","awards","type-awards","status-publish","has-post-thumbnail","hentry","awards-year-365"],"acf":[],"_links":{"self":[{"href":"https:\/\/www.kuebler-hallenheizungen.de\/nb\/wp-json\/wp\/v2\/awards\/19028","targetHints":{"allow":["GET"]}}],"collection":[{"href":"https:\/\/www.kuebler-hallenheizungen.de\/nb\/wp-json\/wp\/v2\/awards"}],"about":[{"href":"https:\/\/www.kuebler-hallenheizungen.de\/nb\/wp-json\/wp\/v2\/types\/awards"}],"wp:featuredmedia":[{"embeddable":true,"href":"https:\/\/www.kuebler-hallenheizungen.de\/nb\/wp-json\/wp\/v2\/media\/19031"}],"wp:attachment":[{"href":"https:\/\/www.kuebler-hallenheizungen.de\/nb\/wp-json\/wp\/v2\/media?parent=19028"}],"wp:term":[{"taxonomy":"awards-year","embeddable":true,"href":"https:\/\/www.kuebler-hallenheizungen.de\/nb\/wp-json\/wp\/v2\/awards-year?post=19028"}],"curies":[{"name":"wp","href":"https:\/\/api.w.org\/{rel}","templated":true}]}}

2023 - FOKUS FOR DESIGNPRISEN ÅPEN

<p>FUTURA er hedret i kategorien Special Mention på FOCUS OPEN - en verdifull bekreftelse på kvaliteten på denne produktutviklingen i en internasjonal sammenligning. Med denne prisen anerkjenner Design Center Baden-Württemberg et designnivå som går utover det etablerte nivået. FUTURA kvalifiserte til denne prisen takket være sin energiåpenhet og muligheten for å bruke den som en 2-i-1-løsning for energiåpen oppvarming og belysning i hallen.</p>
