{"id":28254,"date":"2024-09-11T13:01:02","date_gmt":"2024-09-11T11:01:02","guid":{"rendered":"https:\/\/www.kuebler-hallenheizungen.de\/?post_type=event&#038;p=28254"},"modified":"2024-09-18T12:40:12","modified_gmt":"2024-09-18T10:40:12","slug":"bygging-muenchen-13-17-01-2025","status":"publish","type":"event","link":"https:\/\/www.kuebler-hallenheizungen.de\/nb\/event\/bau-muenchen-13-17-01-2025\/","title":{"rendered":"BAU M\u00fcnchen 13.-17. januar 2025"},"content":{"rendered":"<p>Bli en energibruker sammen med oss p\u00e5 BAU i M\u00fcnchen. Verdens ledende messe for arkitektur, materialer og systemer<br \/>\n<H\u2082>Bes\u00f8k oss i\u00a0<strong>Hall B2 | Stand 537<\/strong><\/H\u2082><br \/>\n&nbsp;<\/p>\n<p>Vi ser frem til ditt bes\u00f8k!<\/p>","protected":false},"excerpt":{"rendered":"<p>Bes\u00f8k K\u00dcBLER p\u00e5 BAU i M\u00fcnchen og oppdag v\u00e5re banebrytende systemer for oppvarming av haller! <\/p>","protected":false},"featured_media":28258,"template":"","event-type":[460],"class_list":["post-28254","event","type-event","status-publish","has-post-thumbnail","hentry","event-type-messe"],"acf":[],"_links":{"self":[{"href":"https:\/\/www.kuebler-hallenheizungen.de\/nb\/wp-json\/wp\/v2\/event\/28254","targetHints":{"allow":["GET"]}}],"collection":[{"href":"https:\/\/www.kuebler-hallenheizungen.de\/nb\/wp-json\/wp\/v2\/event"}],"about":[{"href":"https:\/\/www.kuebler-hallenheizungen.de\/nb\/wp-json\/wp\/v2\/types\/event"}],"wp:featuredmedia":[{"embeddable":true,"href":"https:\/\/www.kuebler-hallenheizungen.de\/nb\/wp-json\/wp\/v2\/media\/28258"}],"wp:attachment":[{"href":"https:\/\/www.kuebler-hallenheizungen.de\/nb\/wp-json\/wp\/v2\/media?parent=28254"}],"wp:term":[{"taxonomy":"event-type","embeddable":true,"href":"https:\/\/www.kuebler-hallenheizungen.de\/nb\/wp-json\/wp\/v2\/event-type?post=28254"}],"curies":[{"name":"wp","href":"https:\/\/api.w.org\/{rel}","templated":true}]}}

BAU München 13.-17. januar 2025

<p>Bli en energibruker sammen med oss på BAU i München. Verdens ledende messe for arkitektur, materialer og systemer<br />
<H₂>Besøk oss i <strong>Hall B2 | Stand 537</strong></H₂><br />
&nbsp;</p>
<p>Vi ser frem til ditt besøk!</p>

<p>Besøk KÜBLER på BAU i München og oppdag våre banebrytende systemer for oppvarming av haller! </p>
