{"id":28259,"date":"2024-09-11T14:35:46","date_gmt":"2024-09-11T12:35:46","guid":{"rendered":"https:\/\/www.kuebler-hallenheizungen.de\/?post_type=event&#038;p=28259"},"modified":"2024-09-18T12:39:59","modified_gmt":"2024-09-18T10:39:59","slug":"ish-frankfurt-17-21-03-2025","status":"publish","type":"event","link":"https:\/\/www.kuebler-hallenheizungen.de\/nb\/event\/ish-frankfurt-17-21-03-2025\/","title":{"rendered":"ISH Frankfurt 17.-21. mars 2025"},"content":{"rendered":"<p>Bli en energibruker sammen med oss p\u00e5 ISH i Frankfurt. Verdens ledende messe for vann, varme og klimaanlegg<br \/>\n<H\u2082>Bes\u00f8k oss i\u00a0<strong>Hall 12.0 | Stand C69<\/strong><\/H\u2082><br \/>\n&nbsp;<\/p>\n<p>Vi ser frem til ditt bes\u00f8k!<\/p>","protected":false},"excerpt":{"rendered":"<p>Bes\u00f8k K\u00dcBLER p\u00e5 ISH 2025 i Frankfurt, verdens ledende messe for vann, varme og klimaanlegg!<\/p>","protected":false},"featured_media":28262,"template":"","event-type":[460],"class_list":["post-28259","event","type-event","status-publish","has-post-thumbnail","hentry","event-type-messe"],"acf":[],"_links":{"self":[{"href":"https:\/\/www.kuebler-hallenheizungen.de\/nb\/wp-json\/wp\/v2\/event\/28259","targetHints":{"allow":["GET"]}}],"collection":[{"href":"https:\/\/www.kuebler-hallenheizungen.de\/nb\/wp-json\/wp\/v2\/event"}],"about":[{"href":"https:\/\/www.kuebler-hallenheizungen.de\/nb\/wp-json\/wp\/v2\/types\/event"}],"wp:featuredmedia":[{"embeddable":true,"href":"https:\/\/www.kuebler-hallenheizungen.de\/nb\/wp-json\/wp\/v2\/media\/28262"}],"wp:attachment":[{"href":"https:\/\/www.kuebler-hallenheizungen.de\/nb\/wp-json\/wp\/v2\/media?parent=28259"}],"wp:term":[{"taxonomy":"event-type","embeddable":true,"href":"https:\/\/www.kuebler-hallenheizungen.de\/nb\/wp-json\/wp\/v2\/event-type?post=28259"}],"curies":[{"name":"wp","href":"https:\/\/api.w.org\/{rel}","templated":true}]}}

<p>Bli en energibruker sammen med oss på ISH i Frankfurt. Verdens ledende messe for vann, varme og klimaanlegg<br />
<H₂>Besøk oss i <strong>Hall 12.0 | Stand C69</strong></H₂><br />
&nbsp;</p>
<p>Vi ser frem til ditt besøk!</p>

<p>Besøk KÜBLER på ISH 2025 i Frankfurt, verdens ledende messe for vann, varme og klimaanlegg!</p>
