{"id":29488,"date":"2025-02-27T13:51:51","date_gmt":"2025-02-27T12:51:51","guid":{"rendered":"https:\/\/www.kuebler-hallenheizungen.de\/?post_type=event&#038;p=29488"},"modified":"2025-02-27T13:51:51","modified_gmt":"2025-02-27T12:51:51","slug":"hungarotherm-09-13-04-2025","status":"publish","type":"event","link":"https:\/\/www.kuebler-hallenheizungen.de\/nb\/event\/hungarotherm-09-13-04-2025\/","title":{"rendered":"HUNGAROTHERM 09 - 13.04.2025"},"content":{"rendered":"<p>I Budapest har <strong data-start=\"94\" data-end=\"110\">HUNGAROTHERM<\/strong> den ledende internasjonale messen for oppvarming, ventilasjon, klimaanlegg og sanit\u00e6rteknologi. Som spesialist p\u00e5 energieffektive oppvarmingsl\u00f8sninger for haller vil K\u00dcBLER v\u00e6re til stede for \u00e5 presentere banebrytende teknologier for b\u00e6rekraftig oppvarming i industri- og n\u00e6ringshaller. Bes\u00f8k standen v\u00e5r og finn ut hvordan v\u00e5re innovative systemer tilbyr maksimal effektivitet, fleksibilitet og fremtidssikring. La ekspertene v\u00e5re gi deg r\u00e5d, og oppdag live hvordan moderne halloppvarming fungerer!<\/p>\n<p><strong data-start=\"643\" data-end=\"668\">Stand: A Pavilon 101H<\/strong><\/p>","protected":false},"excerpt":{"rendered":"<p>HUNGAROTHERM finner sted i Budapest - den ledende internasjonale messen for varme, ventilasjon, klimaanlegg og sanit\u00e6rteknologi. Bes\u00f8k K\u00dcBLER og m\u00f8t ekspertene p\u00e5 moderne innend\u00f8rs varmesystemer!<\/p>","protected":false},"featured_media":28258,"template":"","event-type":[460],"class_list":["post-29488","event","type-event","status-publish","has-post-thumbnail","hentry","event-type-messe"],"acf":[],"_links":{"self":[{"href":"https:\/\/www.kuebler-hallenheizungen.de\/nb\/wp-json\/wp\/v2\/event\/29488","targetHints":{"allow":["GET"]}}],"collection":[{"href":"https:\/\/www.kuebler-hallenheizungen.de\/nb\/wp-json\/wp\/v2\/event"}],"about":[{"href":"https:\/\/www.kuebler-hallenheizungen.de\/nb\/wp-json\/wp\/v2\/types\/event"}],"wp:featuredmedia":[{"embeddable":true,"href":"https:\/\/www.kuebler-hallenheizungen.de\/nb\/wp-json\/wp\/v2\/media\/28258"}],"wp:attachment":[{"href":"https:\/\/www.kuebler-hallenheizungen.de\/nb\/wp-json\/wp\/v2\/media?parent=29488"}],"wp:term":[{"taxonomy":"event-type","embeddable":true,"href":"https:\/\/www.kuebler-hallenheizungen.de\/nb\/wp-json\/wp\/v2\/event-type?post=29488"}],"curies":[{"name":"wp","href":"https:\/\/api.w.org\/{rel}","templated":true}]}}

<p>I Budapest har <strong data-start="94" data-end="110">HUNGAROTHERM</strong> den ledende internasjonale messen for oppvarming, ventilasjon, klimaanlegg og sanitærteknologi. Som spesialist på energieffektive oppvarmingsløsninger for haller vil KÜBLER være til stede for å presentere banebrytende teknologier for bærekraftig oppvarming i industri- og næringshaller. Besøk standen vår og finn ut hvordan våre innovative systemer tilbyr maksimal effektivitet, fleksibilitet og fremtidssikring. La ekspertene våre gi deg råd, og oppdag live hvordan moderne halloppvarming fungerer!</p>
<p><strong data-start="643" data-end="668">Stand: A Pavilon 101H</strong></p>

<p>HUNGAROTHERM finner sted i Budapest - den ledende internasjonale messen for varme, ventilasjon, klimaanlegg og sanitærteknologi. Besøk KÜBLER og møt ekspertene på moderne innendørs varmesystemer!</p>
