{"id":30882,"date":"2025-07-28T12:38:29","date_gmt":"2025-07-28T10:38:29","guid":{"rendered":"https:\/\/www.kuebler-hallenheizungen.de\/?post_type=event&#038;p=30882"},"modified":"2025-10-06T11:33:30","modified_gmt":"2025-10-06T09:33:30","slug":"eu-ets-co2-prising-07-10-2025","status":"publish","type":"event","link":"https:\/\/www.kuebler-hallenheizungen.de\/nb\/event\/eu-ets-co2-bepreisung-07-10-2025\/","title":{"rendered":"EU ETS &amp; CO\u2082 PRISING - Hvordan desarmere kostnadsbomben 07.10.2025"},"content":{"rendered":"<p>P\u00e5 dette webseminaret f\u00e5r du et innblikk i de nye utfordringene som vil p\u00e5virke privat sektor, og i enda st\u00f8rre grad nesten alle virksomheter i EU. Finn ut hvilke smarte energi- og varmestrategier du kan bruke for \u00e5 mestre utfordringene og gj\u00f8re dem om til fortjeneste for bedriften din. Med<\/p>\n<ul>\n<li>Jochen Sch\u00e4fer, investeringssjef i Cube Concepts<\/li>\n<li>Kai-Uwe Gr\u00fctter, signaturberettiget hos K\u00dcBLER<\/li>\n<\/ul>\n<p>To anerkjente eksperter vil veilede deg gjennom dette webseminaret. Still sp\u00f8rsm\u00e5l, delta i diskusjonen og f\u00e5 verdifulle tips og r\u00e5d om hvordan du p\u00e5 en pragmatisk og \u00f8konomisk m\u00e5te kan desarmere kostnadsbomben for din bedrift.<\/p>\n<p>&nbsp;<\/p>\n<p><strong>Webseminaret vil foreg\u00e5 online via Microsoft Teams. Vi ser frem til din deltakelse!<\/strong><\/p>\n<p><strong>EU-ETS &amp; CO\u2082-PRISFASTsettelse \u2013 Hvordan man kan avverge kostnadsbomben <\/strong><\/p>\n<p>Tirsdag 07.10.2025 | kl. 11.00 - 12.00<\/p>\n<p>&nbsp;<\/p>\n<p>V\u00e6r oppmerksom p\u00e5 at p\u00e5meldinger kun kan behandles inntil 2 timer f\u00f8r arrangementet starter.<\/p>\n<p>&nbsp;<\/p>","protected":false},"excerpt":{"rendered":"<p>Dette seminaret gir deg et innblikk i hvilke kriterier som kan implementeres raskt, enkelt og kostnadseffektivt, og belyser spesielt det store potensialet som hallvarmesystemer kan ha for en b\u00e6rekraftig bedriftsutvikling og en positiv rating.<\/p>","protected":false},"featured_media":30446,"template":"","event-type":[459],"class_list":["post-30882","event","type-event","status-publish","has-post-thumbnail","hentry","event-type-seminar"],"acf":[],"_links":{"self":[{"href":"https:\/\/www.kuebler-hallenheizungen.de\/nb\/wp-json\/wp\/v2\/event\/30882","targetHints":{"allow":["GET"]}}],"collection":[{"href":"https:\/\/www.kuebler-hallenheizungen.de\/nb\/wp-json\/wp\/v2\/event"}],"about":[{"href":"https:\/\/www.kuebler-hallenheizungen.de\/nb\/wp-json\/wp\/v2\/types\/event"}],"wp:featuredmedia":[{"embeddable":true,"href":"https:\/\/www.kuebler-hallenheizungen.de\/nb\/wp-json\/wp\/v2\/media\/30446"}],"wp:attachment":[{"href":"https:\/\/www.kuebler-hallenheizungen.de\/nb\/wp-json\/wp\/v2\/media?parent=30882"}],"wp:term":[{"taxonomy":"event-type","embeddable":true,"href":"https:\/\/www.kuebler-hallenheizungen.de\/nb\/wp-json\/wp\/v2\/event-type?post=30882"}],"curies":[{"name":"wp","href":"https:\/\/api.w.org\/{rel}","templated":true}]}}

<p>På dette webseminaret får du et innblikk i de nye utfordringene som vil påvirke privat sektor, og i enda større grad nesten alle virksomheter i EU. Finn ut hvilke smarte energi- og varmestrategier du kan bruke for å mestre utfordringene og gjøre dem om til fortjeneste for bedriften din. Med</p>
<ul>
<li>Jochen Schäfer, investeringssjef i Cube Concepts</li>
<li>Kai-Uwe Grütter, signaturberettiget hos KÜBLER</li>
</ul>
<p>To anerkjente eksperter vil veilede deg gjennom dette webseminaret. Still spørsmål, delta i diskusjonen og få verdifulle tips og råd om hvordan du på en pragmatisk og økonomisk måte kan desarmere kostnadsbomben for din bedrift.</p>
<p>&nbsp;</p>
<p><strong>Webseminaret vil foregå online via Microsoft Teams. Vi ser frem til din deltakelse!</strong></p>
<p><strong>EU-ETS &amp; CO₂-PRISFASTsettelse – Hvordan man kan avverge kostnadsbomben </strong></p>
<p>Tirsdag 07.10.2025 | kl. 11.00 - 12.00</p>
<p>&nbsp;</p>
<p>Vær oppmerksom på at påmeldinger kun kan behandles inntil 2 timer før arrangementet starter.</p>
<p>&nbsp;</p>

<p>Dette seminaret gir deg et innblikk i hvilke kriterier som kan implementeres raskt, enkelt og kostnadseffektivt, og belyser spesielt det store potensialet som hallvarmesystemer kan ha for en bærekraftig bedriftsutvikling og en positiv rating.</p>
