{"id":45311,"date":"2025-11-26T10:17:22","date_gmt":"2025-11-26T09:17:22","guid":{"rendered":"https:\/\/www.kuebler-hallenheizungen.de\/?post_type=event&#038;p=45311"},"modified":"2026-01-23T07:57:47","modified_gmt":"2026-01-23T06:57:47","slug":"g-seminar-23-01-2026","status":"publish","type":"event","link":"https:\/\/www.kuebler-hallenheizungen.de\/nb\/event\/geg-seminar-23-01-2026\/","title":{"rendered":"GEG \u2013 \u201eIkke v\u00e6r redd for lovgivningen om oppvarming! Oppvarming av haller p\u00e5 en \u00f8konomisk og GEG-konform m\u00e5te\u201c 23.01.2026"},"content":{"rendered":"<p><strong>SEMINAR AUSGEBUCHT! Leider sind keine Anmeldungen mehr m\u00f6glich!<\/strong><\/p>\n<p>&nbsp;<\/p>\n<p>Det er en stund siden vedtaket om varmeloven (Bygningsenergiloven - GEG) ble fattet, men sp\u00f8rsm\u00e5lene og usikkerhetene gjenst\u00e5r. Men det er ingen grunn til bekymring:<\/p>\n<p>I v\u00e5rt velpr\u00f8vde nettseminar belyser v\u00e5re eksperter p\u00e5 halloppvarming, Kai-Uwe Gr\u00fctter og Dr. Jens Findeisen, hva du trenger \u00e5 vite n\u00e5r du skal varme opp kommersielle og industrielle haller.<\/p>\n<p>P\u00e5 grunn av det h\u00f8ye antallet deltakere p\u00e5 forrige seminar har vi besluttet \u00e5 arrangere en ny dato. Registrer deg raskt, antall deltakere er begrenset.<\/p>\n<p>&nbsp;<\/p>\n<p>23.01.2026 | 11-12 Uhr | Microsoft Teams<\/p>\n<p><strong>\"Ikke v\u00e6r redd for oppvarmingsloven! Oppvarming av industrihaller i samsvar med GEG\"<\/strong><\/p>\n<p>&nbsp;<\/p>\n<h4>\"En virkelig flott ve<span class=\"ac-designer-copy\">arrangement! Variert og underholdende takket v\u00e6re 2-mannspresentasjonen, fine lysbilder, kompetent presentasjon og kompetent moderering.\"<\/span><\/h4>\n<h4>\"Et vellykket arrangement, fortsett med det gode arbeidet!\"<\/h4>\n<h4>\"Veldig vellykket arrangement. Tusen takk skal dere ha!\"<\/h4>\n<h4>\"Det var utmerket forberedt, og de to herrenes m\u00e5te \u00e5 formidle stoffet p\u00e5 var veldig underholdende. Takk for det.\"<\/h4>","protected":false},"excerpt":{"rendered":"<p>Det er en stund siden vedtaket om varmeloven (Bygningsenergiloven - GEG) ble fattet, men sp\u00f8rsm\u00e5lene og usikkerhetene gjenst\u00e5r. Men det er ingen grunn til bekymring:<\/p>\n<p>I v\u00e5rt velpr\u00f8vde nettseminar belyser v\u00e5re eksperter p\u00e5 halloppvarming, Kai-Uwe Gr\u00fctter og Dr. Jens Findeisen, hva du trenger \u00e5 vite n\u00e5r du skal varme opp kommersielle og industrielle haller.<\/p>","protected":false},"featured_media":16937,"template":"","event-type":[459],"class_list":["post-45311","event","type-event","status-publish","has-post-thumbnail","hentry","event-type-seminar"],"acf":[],"_links":{"self":[{"href":"https:\/\/www.kuebler-hallenheizungen.de\/nb\/wp-json\/wp\/v2\/event\/45311","targetHints":{"allow":["GET"]}}],"collection":[{"href":"https:\/\/www.kuebler-hallenheizungen.de\/nb\/wp-json\/wp\/v2\/event"}],"about":[{"href":"https:\/\/www.kuebler-hallenheizungen.de\/nb\/wp-json\/wp\/v2\/types\/event"}],"wp:featuredmedia":[{"embeddable":true,"href":"https:\/\/www.kuebler-hallenheizungen.de\/nb\/wp-json\/wp\/v2\/media\/16937"}],"wp:attachment":[{"href":"https:\/\/www.kuebler-hallenheizungen.de\/nb\/wp-json\/wp\/v2\/media?parent=45311"}],"wp:term":[{"taxonomy":"event-type","embeddable":true,"href":"https:\/\/www.kuebler-hallenheizungen.de\/nb\/wp-json\/wp\/v2\/event-type?post=45311"}],"curies":[{"name":"wp","href":"https:\/\/api.w.org\/{rel}","templated":true}]}}

GEG – „Ikke vær redd for lovgivningen om oppvarming! Oppvarming av haller på en økonomisk og GEG-konform måte“ 23.01.2026

<p><strong>SEMINAR AUSGEBUCHT! Leider sind keine Anmeldungen mehr möglich!</strong></p>
<p>&nbsp;</p>
<p>Det er en stund siden vedtaket om varmeloven (Bygningsenergiloven - GEG) ble fattet, men spørsmålene og usikkerhetene gjenstår. Men det er ingen grunn til bekymring:</p>
<p>I vårt velprøvde nettseminar belyser våre eksperter på halloppvarming, Kai-Uwe Grütter og Dr. Jens Findeisen, hva du trenger å vite når du skal varme opp kommersielle og industrielle haller.</p>
<p>På grunn av det høye antallet deltakere på forrige seminar har vi besluttet å arrangere en ny dato. Registrer deg raskt, antall deltakere er begrenset.</p>
<p>&nbsp;</p>
<p>23.01.2026 | 11-12 Uhr | Microsoft Teams</p>
<p><strong>"Ikke vær redd for oppvarmingsloven! Oppvarming av industrihaller i samsvar med GEG"</strong></p>
<p>&nbsp;</p>
<h4>"En virkelig flott ve<span class="ac-designer-copy">arrangement! Variert og underholdende takket være 2-mannspresentasjonen, fine lysbilder, kompetent presentasjon og kompetent moderering."</span></h4>
<h4>"Et vellykket arrangement, fortsett med det gode arbeidet!"</h4>
<h4>"Veldig vellykket arrangement. Tusen takk skal dere ha!"</h4>
<h4>"Det var utmerket forberedt, og de to herrenes måte å formidle stoffet på var veldig underholdende. Takk for det."</h4>

<p>Det er en stund siden vedtaket om varmeloven (Bygningsenergiloven - GEG) ble fattet, men spørsmålene og usikkerhetene gjenstår. Men det er ingen grunn til bekymring:</p>
<p>I vårt velprøvde nettseminar belyser våre eksperter på halloppvarming, Kai-Uwe Grütter og Dr. Jens Findeisen, hva du trenger å vite når du skal varme opp kommersielle og industrielle haller.</p>
