{"id":47292,"date":"2025-12-02T15:49:10","date_gmt":"2025-12-02T14:49:10","guid":{"rendered":"https:\/\/www.kuebler-hallenheizungen.de\/?post_type=event&#038;p=47292"},"modified":"2026-03-17T12:17:11","modified_gmt":"2026-03-17T11:17:11","slug":"eu-ets-og-co2-19-03-26","status":"publish","type":"event","link":"https:\/\/www.kuebler-hallenheizungen.de\/nb\/event\/eu-ets-und-co2-19-03-26\/","title":{"rendered":"EU-ETS &amp; CO\u2082-PRISFASTsettelse \u2013 Hvordan man kan dempe kostnadsbomben 19.03.2026"},"content":{"rendered":"<p>P\u00e5 dette webseminaret f\u00e5r du et innblikk i de nye utfordringene som vil p\u00e5virke privat sektor, og i enda st\u00f8rre grad nesten alle virksomheter i EU. Finn ut hvilke smarte energi- og varmestrategier du kan bruke for \u00e5 mestre utfordringene og gj\u00f8re dem om til fortjeneste for bedriften din. Med<\/p>\n<ul>\n<li>Kai-Uwe Gr\u00fctter, signaturberettiget hos K\u00dcBLER<\/li>\n<\/ul>\n<p>v\u00e5r ekspert vil veilede deg gjennom dette webseminaret. Still sp\u00f8rsm\u00e5l, delta i diskusjonen og dra nytte av verdifulle tips og r\u00e5d om hvordan du p\u00e5 en pragmatisk og \u00f8konomisk m\u00e5te kan desarmere kostnadsbomben for din bedrift.<\/p>\n<p>&nbsp;<\/p>\n<p><strong>Webseminaret vil foreg\u00e5 online via Microsoft Teams. Vi ser frem til din deltakelse!<\/strong><\/p>\n<p><strong>EU-ETS &amp; CO\u2082-PRISFASTsettelse \u2013 Hvordan man kan avverge kostnadsbomben <\/strong><\/p>\n<p>Torsdag 19.03.2026 | kl. 11.00 - 12.00<\/p>\n<p>&nbsp;<\/p>\n<p>V\u00e6r oppmerksom p\u00e5 at p\u00e5meldinger kun kan behandles inntil 2 timer f\u00f8r arrangementet starter.<\/p>","protected":false},"excerpt":{"rendered":"<p>Dette seminaret gir deg et innblikk i hvilke kriterier som kan implementeres raskt, enkelt og kostnadseffektivt, og belyser spesielt det store potensialet som hallvarmesystemer kan ha for en b\u00e6rekraftig bedriftsutvikling og en positiv rating.<\/p>","protected":false},"featured_media":30446,"template":"","event-type":[459],"class_list":["post-47292","event","type-event","status-publish","has-post-thumbnail","hentry","event-type-seminar"],"acf":[],"_links":{"self":[{"href":"https:\/\/www.kuebler-hallenheizungen.de\/nb\/wp-json\/wp\/v2\/event\/47292","targetHints":{"allow":["GET"]}}],"collection":[{"href":"https:\/\/www.kuebler-hallenheizungen.de\/nb\/wp-json\/wp\/v2\/event"}],"about":[{"href":"https:\/\/www.kuebler-hallenheizungen.de\/nb\/wp-json\/wp\/v2\/types\/event"}],"wp:featuredmedia":[{"embeddable":true,"href":"https:\/\/www.kuebler-hallenheizungen.de\/nb\/wp-json\/wp\/v2\/media\/30446"}],"wp:attachment":[{"href":"https:\/\/www.kuebler-hallenheizungen.de\/nb\/wp-json\/wp\/v2\/media?parent=47292"}],"wp:term":[{"taxonomy":"event-type","embeddable":true,"href":"https:\/\/www.kuebler-hallenheizungen.de\/nb\/wp-json\/wp\/v2\/event-type?post=47292"}],"curies":[{"name":"wp","href":"https:\/\/api.w.org\/{rel}","templated":true}]}}

<p>På dette webseminaret får du et innblikk i de nye utfordringene som vil påvirke privat sektor, og i enda større grad nesten alle virksomheter i EU. Finn ut hvilke smarte energi- og varmestrategier du kan bruke for å mestre utfordringene og gjøre dem om til fortjeneste for bedriften din. Med</p>
<ul>
<li>Kai-Uwe Grütter, signaturberettiget hos KÜBLER</li>
</ul>
<p>vår ekspert vil veilede deg gjennom dette webseminaret. Still spørsmål, delta i diskusjonen og dra nytte av verdifulle tips og råd om hvordan du på en pragmatisk og økonomisk måte kan desarmere kostnadsbomben for din bedrift.</p>
<p>&nbsp;</p>
<p><strong>Webseminaret vil foregå online via Microsoft Teams. Vi ser frem til din deltakelse!</strong></p>
<p><strong>EU-ETS &amp; CO₂-PRISFASTsettelse – Hvordan man kan avverge kostnadsbomben </strong></p>
<p>Torsdag 19.03.2026 | kl. 11.00 - 12.00</p>
<p>&nbsp;</p>
<p>Vær oppmerksom på at påmeldinger kun kan behandles inntil 2 timer før arrangementet starter.</p>

<p>Dette seminaret gir deg et innblikk i hvilke kriterier som kan implementeres raskt, enkelt og kostnadseffektivt, og belyser spesielt det store potensialet som hallvarmesystemer kan ha for en bærekraftig bedriftsutvikling og en positiv rating.</p>
