{"id":283,"date":"2024-02-27T22:01:56","date_gmt":"2024-02-27T21:01:56","guid":{"rendered":"https:\/\/kuebler.werbe-sofa.de\/?page_id=283"},"modified":"2025-10-17T15:39:25","modified_gmt":"2025-10-17T13:39:25","slug":"%d1%86%d0%b5%d0%bd%d0%bd%d0%be%d1%81%d1%82%d0%b8-%d0%b8-%d0%ba%d1%83%d0%bb%d1%8c%d1%82%d1%83%d1%80%d0%b0","status":"publish","type":"page","link":"https:\/\/www.kuebler-hallenheizungen.de\/ru\/ueber-kuebler\/werte-und-kultur\/","title":{"rendered":"\u0426\u0435\u043d\u043d\u043e\u0441\u0442\u0438 \u0438 \u043a\u0443\u043b\u044c\u0442\u0443\u0440\u0430"},"content":{"rendered":"","protected":false},"excerpt":{"rendered":"","protected":false},"author":1,"featured_media":18292,"parent":280,"menu_order":0,"comment_status":"closed","ping_status":"closed","template":"","meta":{"_acf_changed":false,"_seopress_robots_primary_cat":"","_seopress_titles_title":"Der Mensch & unsere Unternehmenskultur | K\u00dcBLER GmbH","_seopress_titles_desc":"Eines der wichtigsten Anliegen bei K\u00dcBLER ist es, eine an ethischen Grunds\u00e4tzen orientierte Unternehmenskultur zu leben.","_seopress_robots_index":"","footnotes":""},"class_list":["post-283","page","type-page","status-publish","has-post-thumbnail","hentry"],"acf":[],"_links":{"self":[{"href":"https:\/\/www.kuebler-hallenheizungen.de\/ru\/wp-json\/wp\/v2\/pages\/283","targetHints":{"allow":["GET"]}}],"collection":[{"href":"https:\/\/www.kuebler-hallenheizungen.de\/ru\/wp-json\/wp\/v2\/pages"}],"about":[{"href":"https:\/\/www.kuebler-hallenheizungen.de\/ru\/wp-json\/wp\/v2\/types\/page"}],"author":[{"embeddable":true,"href":"https:\/\/www.kuebler-hallenheizungen.de\/ru\/wp-json\/wp\/v2\/users\/1"}],"replies":[{"embeddable":true,"href":"https:\/\/www.kuebler-hallenheizungen.de\/ru\/wp-json\/wp\/v2\/comments?post=283"}],"version-history":[{"count":0,"href":"https:\/\/www.kuebler-hallenheizungen.de\/ru\/wp-json\/wp\/v2\/pages\/283\/revisions"}],"up":[{"embeddable":true,"href":"https:\/\/www.kuebler-hallenheizungen.de\/ru\/wp-json\/wp\/v2\/pages\/280"}],"wp:featuredmedia":[{"embeddable":true,"href":"https:\/\/www.kuebler-hallenheizungen.de\/ru\/wp-json\/wp\/v2\/media\/18292"}],"wp:attachment":[{"href":"https:\/\/www.kuebler-hallenheizungen.de\/ru\/wp-json\/wp\/v2\/media?parent=283"}],"curies":[{"name":"wp","href":"https:\/\/api.w.org\/{rel}","templated":true}]}}

Ценности и культура

Der Mensch & unsere Unternehmenskultur | KÜBLER GmbH

Eines der wichtigsten Anliegen bei KÜBLER ist es, eine an ethischen Grundsätzen orientierte Unternehmenskultur zu leben.
